2.2.0Eun-kyung Lee | Linux (SUSE 9.2)  | x86_64 |  OK  | [ ERROR ] |  | 
| Linux (SUSE 9.2)  | i686 |  OK  |  ERROR  |  | 
| Solaris 2.9  | sparc |  OK  |  ERROR  |  | 
| Linux (SUSE 10.0)  | x86_64 |  OK  |  OK  |  | 
| Windows Server 2003  | x86_64 |  OK  |  ERROR  |  ERROR  | 
* checking for working latex ... OK
* using log directory '/loc/biocbuild/1.9d/Rpacks/arrayQCplot.Rcheck'
* using R version 2.4.0 (2006-10-03)
* checking for file 'arrayQCplot/DESCRIPTION' ... OK
* this is package 'arrayQCplot' version '2.2.0'
* checking package dependencies ... ERROR
Packages required but not available:
  RGtk2 cairoDevice
See the information on DESCRIPTION files in the chapter 'Creating R
packages' of the 'Writing R Extensions' manual.