Back to Multiple platform build/check report for BioC 3.21:   simplified   long
ABCDEF[G]HIJKLMNOPQRSTUVWXYZ

This page was generated on 2025-05-08 11:42 -0400 (Thu, 08 May 2025).

HostnameOSArch (*)R versionInstalled pkgs
nebbiolo1Linux (Ubuntu 24.04.1 LTS)x86_644.5.0 RC (2025-04-04 r88126) -- "How About a Twenty-Six" 4833
palomino7Windows Server 2022 Datacenterx644.5.0 RC (2025-04-04 r88126 ucrt) -- "How About a Twenty-Six" 4574
merida1macOS 12.7.5 Montereyx86_644.5.0 RC (2025-04-04 r88126) -- "How About a Twenty-Six" 4599
kjohnson1macOS 13.6.6 Venturaarm644.5.0 RC (2025-04-04 r88129) -- "How About a Twenty-Six" 4553
kunpeng2Linux (openEuler 24.03 LTS)aarch64R Under development (unstable) (2025-02-19 r87757) -- "Unsuffered Consequences" 4570
Click on any hostname to see more info about the system (e.g. compilers)      (*) as reported by 'uname -p', except on Windows and Mac OS X

Package 826/2341HostnameOS / ArchINSTALLBUILDCHECKBUILD BIN
geneXtendeR 1.34.0  (landing page)
Bohdan Khomtchouk
Snapshot Date: 2025-05-05 13:40 -0400 (Mon, 05 May 2025)
git_url: https://git.bioconductor.org/packages/geneXtendeR
git_branch: RELEASE_3_21
git_last_commit: 3c384e5
git_last_commit_date: 2025-04-15 11:05:48 -0400 (Tue, 15 Apr 2025)
nebbiolo1Linux (Ubuntu 24.04.1 LTS) / x86_64  OK    OK    WARNINGS  UNNEEDED, same version is already published
palomino7Windows Server 2022 Datacenter / x64  OK    OK    WARNINGS    OK  UNNEEDED, same version is already published
merida1macOS 12.7.5 Monterey / x86_64  OK    OK    WARNINGS    OK  UNNEEDED, same version is already published
kjohnson1macOS 13.6.6 Ventura / arm64  OK    OK    WARNINGS    OK  UNNEEDED, same version is already published
kunpeng2Linux (openEuler 24.03 LTS) / aarch64  OK    OK    WARNINGS  


CHECK results for geneXtendeR on palomino7

To the developers/maintainers of the geneXtendeR package:
- Allow up to 24 hours (and sometimes 48 hours) for your latest push to git@git.bioconductor.org:packages/geneXtendeR.git to reflect on this report. See Troubleshooting Build Report for more information.
- Use the following Renviron settings to reproduce errors and warnings.
- If 'R CMD check' started to fail recently on the Linux builder(s) over a missing dependency, add the missing dependency to 'Suggests:' in your DESCRIPTION file. See Renviron.bioc for more information.

raw results


Summary

Package: geneXtendeR
Version: 1.34.0
Command: E:\biocbuild\bbs-3.21-bioc\R\bin\R.exe CMD check --no-multiarch --install=check:geneXtendeR.install-out.txt --library=E:\biocbuild\bbs-3.21-bioc\R\library --no-vignettes --timings geneXtendeR_1.34.0.tar.gz
StartedAt: 2025-05-06 02:26:43 -0400 (Tue, 06 May 2025)
EndedAt: 2025-05-06 02:45:22 -0400 (Tue, 06 May 2025)
EllapsedTime: 1119.2 seconds
RetCode: 0
Status:   WARNINGS  
CheckDir: geneXtendeR.Rcheck
Warnings: 2

Command output

##############################################################################
##############################################################################
###
### Running command:
###
###   E:\biocbuild\bbs-3.21-bioc\R\bin\R.exe CMD check --no-multiarch --install=check:geneXtendeR.install-out.txt --library=E:\biocbuild\bbs-3.21-bioc\R\library --no-vignettes --timings geneXtendeR_1.34.0.tar.gz
###
##############################################################################
##############################################################################


* using log directory 'E:/biocbuild/bbs-3.21-bioc/meat/geneXtendeR.Rcheck'
* using R version 4.5.0 RC (2025-04-04 r88126 ucrt)
* using platform: x86_64-w64-mingw32
* R was compiled by
    gcc.exe (GCC) 14.2.0
    GNU Fortran (GCC) 14.2.0
* running under: Windows Server 2022 x64 (build 20348)
* using session charset: UTF-8
* using option '--no-vignettes'
* checking for file 'geneXtendeR/DESCRIPTION' ... OK
* checking extension type ... Package
* this is package 'geneXtendeR' version '1.34.0'
* package encoding: UTF-8
* checking package namespace information ... OK
* checking package dependencies ... OK
* checking if this is a source package ... OK
* checking if there is a namespace ... OK
* checking for hidden files and directories ... OK
* checking for portable file names ... OK
* checking whether package 'geneXtendeR' can be installed ... WARNING
Found the following significant warnings:
  annotate.c:159:79: warning: format '%d' expects argument of type 'int', but argument 2 has type 'long long unsigned int' [-Wformat=]
  annotate.c:191:87: warning: format '%d' expects argument of type 'int', but argument 2 has type 'long long unsigned int' [-Wformat=]
  annotate.c:199:87: warning: format '%d' expects argument of type 'int', but argument 2 has type 'long long unsigned int' [-Wformat=]
  annotate.c:208:87: warning: format '%d' expects argument of type 'int', but argument 2 has type 'long long unsigned int' [-Wformat=]
  annotate.c:228:83: warning: format '%d' expects argument of type 'int', but argument 2 has type 'long long unsigned int' [-Wformat=]
  extract_peaks.c:202:79: warning: format '%d' expects argument of type 'int', but argument 2 has type 'long long unsigned int' [-Wformat=]
See 'E:/biocbuild/bbs-3.21-bioc/meat/geneXtendeR.Rcheck/00install.out' for details.
* used C compiler: 'gcc.exe (GCC) 14.2.0'
* checking installed package size ... INFO
  installed size is 11.3Mb
  sub-directories of 1Mb or more:
    data      5.7Mb
    doc       1.9Mb
    extdata   3.5Mb
* checking package directory ... OK
* checking DESCRIPTION meta-information ... NOTE
Package listed in more than one of Depends, Imports, Suggests, Enhances:
  'rtracklayer'
A package should be listed in only one of these fields.
* checking top-level files ... OK
* checking for left-over files ... OK
* checking index information ... OK
* checking package subdirectories ... OK
* checking code files for non-ASCII characters ... OK
* checking R files for syntax errors ... OK
* checking whether the package can be loaded ... OK
* checking whether the package can be loaded with stated dependencies ... OK
* checking whether the package can be unloaded cleanly ... OK
* checking whether the namespace can be loaded with stated dependencies ... OK
* checking whether the namespace can be unloaded cleanly ... OK
* checking dependencies in R code ... NOTE
Namespaces in Imports field not imported from:
  'BiocStyle' 'SnowballC' 'org.Rn.eg.db'
  All declared Imports should be used.
* checking S3 generic/method consistency ... OK
* checking replacement functions ... OK
* checking foreign function calls ... OK
* checking R code for possible problems ... NOTE
.geneXtender: no visible binding for global variable 'type'
.geneXtender: no visible binding for global variable 'seqid'
.geneXtender: no visible binding for global variable 'gene_id'
.geneXtender: no visible binding for global variable 'gene_name'
annotate_n: no visible binding for global variable '..I'
annotate_n: no visible binding for global variable 'seqid'
diffGO: no visible binding for global variable 'rat'
gene_annotate: no visible global function definition for '.'
gene_annotate: no visible binding for global variable
  'Distance-of-Gene-to-Nearest-Peak'
gene_annotate: no visible global function definition for 'sd'
gene_annotate: no visible binding for global variable 'Chromosome'
gene_annotate: no visible binding for global variable 'Gene-Start'
gene_annotate: no visible binding for global variable 'Gene-End'
gene_annotate: no visible binding for global variable 'Gene-ID'
gene_annotate: no visible binding for global variable 'Gene-Name'
gene_annotate: no visible binding for global variable
  'Peaks-on-Gene-Body'
gene_annotate: no visible binding for global variable
  'Number-of-Peaks-Associated-with-Gene'
gene_lookup: no visible binding for global variable 'gene_name_id'
gene_lookup: no visible binding for global variable 'gene_id'
gene_lookup : internal_find: no visible binding for global variable
  'Chromosome'
gene_lookup : internal_find: no visible binding for global variable
  'distance'
gene_lookup : internal_find: no visible global function definition for
  'na.omit'
gene_lookup: no visible binding for global variable '..I'
gene_lookup: no visible binding for global variable 'distance'
makeWordCloud: no visible binding for global variable 'rat'
meanPeakLength: no visible binding for global variable 'rat'
peaksInput: no visible binding for global variable 'chr'
peaksInput: no visible global function definition for 'na.omit'
peaksMerge: no visible binding for global variable 'chr'
peaksMerge: no visible binding for global variable 'g'
peaksMerge: no visible global function definition for '.'
plotWordFreq : geneXtender: no visible binding for global variable
  'type'
plotWordFreq : geneXtender: no visible binding for global variable
  'seqid'
plotWordFreq : geneXtender: no visible binding for global variable
  'gene_id'
plotWordFreq : geneXtender: no visible binding for global variable
  'gene_name'
Undefined global functions or variables:
  . ..I Chromosome Distance-of-Gene-to-Nearest-Peak Gene-End Gene-ID
  Gene-Name Gene-Start Number-of-Peaks-Associated-with-Gene
  Peaks-on-Gene-Body chr distance g gene_id gene_name gene_name_id
  na.omit rat sd seqid type
Consider adding
  importFrom("stats", "na.omit", "sd")
to your NAMESPACE file.
* checking Rd files ... OK
* checking Rd metadata ... OK
* checking Rd cross-references ... OK
* checking for missing documentation entries ... OK
* checking for code/documentation mismatches ... OK
* checking Rd \usage sections ... OK
* checking Rd contents ... OK
* checking for unstated dependencies in examples ... OK
* checking contents of 'data' directory ... OK
* checking data for non-ASCII characters ... OK
* checking LazyData ... WARNING
  LazyData DB of 5.7 MB without LazyDataCompression set
  See ยง1.1.6 of 'Writing R Extensions'
* checking data for ASCII and uncompressed saves ... OK
* checking line endings in C/C++/Fortran sources/headers ... OK
* checking compiled code ... NOTE
Note: information on .o files for x64 is not available
File 'E:/biocbuild/bbs-3.21-bioc/R/library/geneXtendeR/libs/x64/geneXtendeR.dll':
  Found '_exit', possibly from '_exit' (C)
  Found 'abort', possibly from 'abort' (C), 'runtime' (Fortran)

Compiled code should not call entry points which might terminate R nor
write to stdout/stderr instead of to the console, nor use Fortran I/O
nor system RNGs nor [v]sprintf. The detected symbols are linked into
the code but might come from libraries and not actually be called.

See 'Writing portable packages' in the 'Writing R Extensions' manual.
* checking sizes of PDF files under 'inst/doc' ... OK
* checking installed files from 'inst/doc' ... OK
* checking files in 'vignettes' ... NOTE
Files named as vignettes but with no recognized vignette engine:
   'vignettes/geneXtendeR.Rnw'
(Is a VignetteBuilder field missing?)
* checking examples ... OK
Examples with CPU (user + system) or elapsed time > 5s
                    user system elapsed
meanPeakLengthPlot 67.30   2.95   73.53
hotspotPlot        52.17   1.21   56.66
linePlot           39.14   0.74   42.23
cumlinePlot        38.20   0.64   41.23
barChart           35.94   0.69   39.05
annotate           32.47   0.28   34.78
gene_annotate      29.19   0.33   31.65
plotWordFreq       28.29   0.50   30.88
diffGO             28.22   0.43   31.28
distinct           28.14   0.35   30.55
gene_lookup        27.67   0.22   29.89
makeWordCloud      26.73   0.56   29.39
peakLengthBoxplot  26.89   0.35   29.79
makeNetwork        25.27   0.55   28.26
meanPeakLength     24.48   0.39   26.89
rat                 5.22   0.34    5.56
* checking for unstated dependencies in 'tests' ... OK
* checking tests ...
  Running 'testthat.R'
 OK
* checking package vignettes ... NOTE
Package has 'vignettes' subdirectory but apparently no vignettes.
Perhaps the 'VignetteBuilder' information is missing from the
DESCRIPTION file?
* checking PDF version of manual ... OK
* DONE

Status: 2 WARNINGs, 6 NOTEs
See
  'E:/biocbuild/bbs-3.21-bioc/meat/geneXtendeR.Rcheck/00check.log'
for details.


Installation output

geneXtendeR.Rcheck/00install.out

##############################################################################
##############################################################################
###
### Running command:
###
###   E:\biocbuild\bbs-3.21-bioc\R\bin\R.exe CMD INSTALL geneXtendeR
###
##############################################################################
##############################################################################


* installing to library 'E:/biocbuild/bbs-3.21-bioc/R/library'
* installing *source* package 'geneXtendeR' ...
** this is package 'geneXtendeR' version '1.34.0'
** using staged installation
** libs
using C compiler: 'gcc.exe (GCC) 14.2.0'
gcc  -I"E:/biocbuild/bbs-3.21-bioc/R/include" -DNDEBUG     -I"C:/rtools45/x86_64-w64-mingw32.static.posix/include"      -O2 -Wall -std=gnu2x  -mfpmath=sse -msse2 -mstackrealign   -c annotate.c -o annotate.o
annotate.c: In function 'annotate':
annotate.c:159:79: warning: format '%d' expects argument of type 'int', but argument 2 has type 'long long unsigned int' [-Wformat=]
  159 |                 Rf_error("annotate() doesn't handle output lines longer than %d characters", sizeof(Buffer));
      |                                                                              ~^              ~~~~~~~~~~~~~~
      |                                                                               |              |
      |                                                                               int            long long unsigned int
      |                                                                              %lld
annotate.c:191:87: warning: format '%d' expects argument of type 'int', but argument 2 has type 'long long unsigned int' [-Wformat=]
  191 |                         Rf_error("annotate() doesn't handle output lines longer than %d characters",sizeof(Buffer));
      |                                                                                      ~^             ~~~~~~~~~~~~~~
      |                                                                                       |             |
      |                                                                                       int           long long unsigned int
      |                                                                                      %lld
annotate.c:199:87: warning: format '%d' expects argument of type 'int', but argument 2 has type 'long long unsigned int' [-Wformat=]
  199 |                         Rf_error("annotate() doesn't handle output lines longer than %d characters",sizeof(Buffer));
      |                                                                                      ~^             ~~~~~~~~~~~~~~
      |                                                                                       |             |
      |                                                                                       int           long long unsigned int
      |                                                                                      %lld
annotate.c:208:87: warning: format '%d' expects argument of type 'int', but argument 2 has type 'long long unsigned int' [-Wformat=]
  208 |                         Rf_error("annotate() doesn't handle output lines longer than %d characters",sizeof(Buffer));
      |                                                                                      ~^             ~~~~~~~~~~~~~~
      |                                                                                       |             |
      |                                                                                       int           long long unsigned int
      |                                                                                      %lld
annotate.c:228:83: warning: format '%d' expects argument of type 'int', but argument 2 has type 'long long unsigned int' [-Wformat=]
  228 |                     Rf_error("annotate() doesn't handle output lines longer than %d characters",sizeof(Buffer));
      |                                                                                  ~^             ~~~~~~~~~~~~~~
      |                                                                                   |             |
      |                                                                                   int           long long unsigned int
      |                                                                                  %lld
gcc  -I"E:/biocbuild/bbs-3.21-bioc/R/include" -DNDEBUG     -I"C:/rtools45/x86_64-w64-mingw32.static.posix/include"      -O2 -Wall -std=gnu2x  -mfpmath=sse -msse2 -mstackrealign   -c extract_number.c -o extract_number.o
extract_number.c: In function 'extractnumber':
extract_number.c:72:10: warning: variable 'n_1' set but not used [-Wunused-but-set-variable]
   72 |     long n_1;
      |          ^~~
extract_number.c:66:10: warning: variable 'j_1' set but not used [-Wunused-but-set-variable]
   66 |     long j_1;
      |          ^~~
extract_number.c:54:12: warning: variable 'pvcfcol5_5' set but not used [-Wunused-but-set-variable]
   54 |     char * pvcfcol5_5;
      |            ^~~~~~~~~~
extract_number.c:53:12: warning: variable 'pvcfcol4_4' set but not used [-Wunused-but-set-variable]
   53 |     char * pvcfcol4_4;
      |            ^~~~~~~~~~
extract_number.c:52:12: warning: variable 'pvcfcol3_3' set but not used [-Wunused-but-set-variable]
   52 |     char * pvcfcol3_3;
      |            ^~~~~~~~~~
extract_number.c:51:12: warning: variable 'pvcfcol2_2' set but not used [-Wunused-but-set-variable]
   51 |     char * pvcfcol2_2;
      |            ^~~~~~~~~~
extract_number.c:50:12: warning: variable 'pvcfcol1_1' set but not used [-Wunused-but-set-variable]
   50 |     char * pvcfcol1_1;
      |            ^~~~~~~~~~
gcc  -I"E:/biocbuild/bbs-3.21-bioc/R/include" -DNDEBUG     -I"C:/rtools45/x86_64-w64-mingw32.static.posix/include"      -O2 -Wall -std=gnu2x  -mfpmath=sse -msse2 -mstackrealign   -c extract_peaks.c -o extract_peaks.o
extract_peaks.c: In function 'extractpeaks':
extract_peaks.c:202:79: warning: format '%d' expects argument of type 'int', but argument 2 has type 'long long unsigned int' [-Wformat=]
  202 |                 Rf_error("annotate() doesn't handle output lines longer than %d characters", sizeof(Buffer));
      |                                                                              ~^              ~~~~~~~~~~~~~~
      |                                                                               |              |
      |                                                                               int            long long unsigned int
      |                                                                              %lld
gcc -shared -s -static-libgcc -o geneXtendeR.dll tmp.def annotate.o extract_number.o extract_peaks.o -LC:/rtools45/x86_64-w64-mingw32.static.posix/lib/x64 -LC:/rtools45/x86_64-w64-mingw32.static.posix/lib -LE:/biocbuild/bbs-3.21-bioc/R/bin/x64 -lR
installing to E:/biocbuild/bbs-3.21-bioc/R/library/00LOCK-geneXtendeR/00new/geneXtendeR/libs/x64
** R
** data
*** moving datasets to lazyload DB
** inst
** byte-compile and prepare package for lazy loading
** help
*** installing help indices
** building package indices
** installing vignettes
** testing if installed package can be loaded from temporary location
** testing if installed package can be loaded from final location
** testing if installed package keeps a record of temporary installation path
* DONE (geneXtendeR)

Tests output

geneXtendeR.Rcheck/tests/testthat.Rout


R version 4.5.0 RC (2025-04-04 r88126 ucrt) -- "How About a Twenty-Six"
Copyright (C) 2025 The R Foundation for Statistical Computing
Platform: x86_64-w64-mingw32/x64

R is free software and comes with ABSOLUTELY NO WARRANTY.
You are welcome to redistribute it under certain conditions.
Type 'license()' or 'licence()' for distribution details.

R is a collaborative project with many contributors.
Type 'contributors()' for more information and
'citation()' on how to cite R or R packages in publications.

Type 'demo()' for some demos, 'help()' for on-line help, or
'help.start()' for an HTML browser interface to help.
Type 'q()' to quit R.

> library(testthat)
> library(geneXtendeR)
Loading required package: rtracklayer
Loading required package: GenomicRanges
Loading required package: stats4
Loading required package: BiocGenerics
Loading required package: generics

Attaching package: 'generics'

The following objects are masked from 'package:base':

    as.difftime, as.factor, as.ordered, intersect, is.element, setdiff,
    setequal, union


Attaching package: 'BiocGenerics'

The following objects are masked from 'package:stats':

    IQR, mad, sd, var, xtabs

The following objects are masked from 'package:base':

    Filter, Find, Map, Position, Reduce, anyDuplicated, aperm, append,
    as.data.frame, basename, cbind, colnames, dirname, do.call,
    duplicated, eval, evalq, get, grep, grepl, is.unsorted, lapply,
    mapply, match, mget, order, paste, pmax, pmax.int, pmin, pmin.int,
    rank, rbind, rownames, sapply, saveRDS, table, tapply, unique,
    unsplit, which.max, which.min

Loading required package: S4Vectors

Attaching package: 'S4Vectors'

The following object is masked from 'package:utils':

    findMatches

The following objects are masked from 'package:base':

    I, expand.grid, unname

Loading required package: IRanges

Attaching package: 'IRanges'

The following object is masked from 'package:grDevices':

    windows

Loading required package: GenomeInfoDb
Loading required package: GO.db
Loading required package: AnnotationDbi
Loading required package: Biobase
Welcome to Bioconductor

    Vignettes contain introductory material; view with
    'browseVignettes()'. To cite Bioconductor, see
    'citation("Biobase")', and for packages 'citation("pkgname")'.


> 
> test_check("geneXtendeR")
[ FAIL 0 | WARN 0 | SKIP 0 | PASS 86 ]
> 
> proc.time()
   user  system elapsed 
 230.90   14.60  256.18 

Example timings

geneXtendeR.Rcheck/geneXtendeR-Ex.timings

nameusersystemelapsed
allPeakLengths0.180.000.20
annotate32.47 0.2834.78
annotate_n000
barChart35.94 0.6939.05
cumlinePlot38.20 0.6441.23
diffGO28.22 0.4331.28
distinct28.14 0.3530.55
gene_annotate29.19 0.3331.65
gene_lookup27.67 0.2229.89
hotspotPlot52.17 1.2156.66
linePlot39.14 0.7442.23
makeNetwork25.27 0.5528.26
makeWordCloud26.73 0.5629.39
meanPeakLength24.48 0.3926.89
meanPeakLengthPlot67.30 2.9573.53
peakLengthBoxplot26.89 0.3529.79
peaksInput1.420.153.11
peaksMerge0.320.020.35
plotWordFreq28.29 0.5030.88
rat5.220.345.56
samplepeaksinput0.020.000.01