Back to Multiple platform build/check report for BioC 3.21:   simplified   long
ABCDEF[G]HIJKLMNOPQRSTUVWXYZ

This page was generated on 2025-05-05 11:43 -0400 (Mon, 05 May 2025).

HostnameOSArch (*)R versionInstalled pkgs
nebbiolo1Linux (Ubuntu 24.04.1 LTS)x86_644.5.0 RC (2025-04-04 r88126) -- "How About a Twenty-Six" 4832
palomino7Windows Server 2022 Datacenterx644.5.0 RC (2025-04-04 r88126 ucrt) -- "How About a Twenty-Six" 4574
merida1macOS 12.7.5 Montereyx86_644.5.0 RC (2025-04-04 r88126) -- "How About a Twenty-Six" 4599
kjohnson1macOS 13.6.6 Venturaarm644.5.0 RC (2025-04-04 r88129) -- "How About a Twenty-Six" 4553
Click on any hostname to see more info about the system (e.g. compilers)      (*) as reported by 'uname -p', except on Windows and Mac OS X

Package 826/2341HostnameOS / ArchINSTALLBUILDCHECKBUILD BIN
geneXtendeR 1.34.0  (landing page)
Bohdan Khomtchouk
Snapshot Date: 2025-05-01 13:40 -0400 (Thu, 01 May 2025)
git_url: https://git.bioconductor.org/packages/geneXtendeR
git_branch: RELEASE_3_21
git_last_commit: 3c384e5
git_last_commit_date: 2025-04-15 11:05:48 -0400 (Tue, 15 Apr 2025)
nebbiolo1Linux (Ubuntu 24.04.1 LTS) / x86_64  OK    OK    WARNINGS  UNNEEDED, same version is already published
palomino7Windows Server 2022 Datacenter / x64  OK    OK    WARNINGS    OK  UNNEEDED, same version is already published
merida1macOS 12.7.5 Monterey / x86_64  OK    OK    WARNINGS    OK  UNNEEDED, same version is already published
kjohnson1macOS 13.6.6 Ventura / arm64  OK    OK    WARNINGS    OK  UNNEEDED, same version is already published


CHECK results for geneXtendeR on kjohnson1

To the developers/maintainers of the geneXtendeR package:
- Allow up to 24 hours (and sometimes 48 hours) for your latest push to git@git.bioconductor.org:packages/geneXtendeR.git to reflect on this report. See Troubleshooting Build Report for more information.
- Use the following Renviron settings to reproduce errors and warnings.
- If 'R CMD check' started to fail recently on the Linux builder(s) over a missing dependency, add the missing dependency to 'Suggests:' in your DESCRIPTION file. See Renviron.bioc for more information.

raw results


Summary

Package: geneXtendeR
Version: 1.34.0
Command: /Library/Frameworks/R.framework/Resources/bin/R CMD check --install=check:geneXtendeR.install-out.txt --library=/Library/Frameworks/R.framework/Resources/library --no-vignettes --timings geneXtendeR_1.34.0.tar.gz
StartedAt: 2025-05-02 20:41:39 -0400 (Fri, 02 May 2025)
EndedAt: 2025-05-02 20:54:00 -0400 (Fri, 02 May 2025)
EllapsedTime: 741.1 seconds
RetCode: 0
Status:   WARNINGS  
CheckDir: geneXtendeR.Rcheck
Warnings: 2

Command output

##############################################################################
##############################################################################
###
### Running command:
###
###   /Library/Frameworks/R.framework/Resources/bin/R CMD check --install=check:geneXtendeR.install-out.txt --library=/Library/Frameworks/R.framework/Resources/library --no-vignettes --timings geneXtendeR_1.34.0.tar.gz
###
##############################################################################
##############################################################################


* using log directory ‘/Users/biocbuild/bbs-3.21-bioc/meat/geneXtendeR.Rcheck’
* using R version 4.5.0 RC (2025-04-04 r88129)
* using platform: aarch64-apple-darwin20
* R was compiled by
    Apple clang version 14.0.0 (clang-1400.0.29.202)
    GNU Fortran (GCC) 14.2.0
* running under: macOS Ventura 13.7.5
* using session charset: UTF-8
* using option ‘--no-vignettes’
* checking for file ‘geneXtendeR/DESCRIPTION’ ... OK
* checking extension type ... Package
* this is package ‘geneXtendeR’ version ‘1.34.0’
* package encoding: UTF-8
* checking package namespace information ... OK
* checking package dependencies ... OK
* checking if this is a source package ... OK
* checking if there is a namespace ... OK
* checking for hidden files and directories ... OK
* checking for portable file names ... OK
* checking for sufficient/correct file permissions ... OK
* checking whether package ‘geneXtendeR’ can be installed ... WARNING
Found the following significant warnings:
  annotate.c:159:94: warning: format specifies type 'int' but the argument has type 'unsigned long' [-Wformat]
  annotate.c:191:101: warning: format specifies type 'int' but the argument has type 'unsigned long' [-Wformat]
  annotate.c:199:101: warning: format specifies type 'int' but the argument has type 'unsigned long' [-Wformat]
  annotate.c:208:101: warning: format specifies type 'int' but the argument has type 'unsigned long' [-Wformat]
  annotate.c:228:97: warning: format specifies type 'int' but the argument has type 'unsigned long' [-Wformat]
  extract_peaks.c:202:94: warning: format specifies type 'int' but the argument has type 'unsigned long' [-Wformat]
See ‘/Users/biocbuild/bbs-3.21-bioc/meat/geneXtendeR.Rcheck/00install.out’ for details.
* used C compiler: ‘Apple clang version 15.0.0 (clang-1500.0.40.1)’
* used SDK: ‘MacOSX11.3.sdk’
* checking installed package size ... INFO
  installed size is 12.2Mb
  sub-directories of 1Mb or more:
    data      6.6Mb
    doc       1.9Mb
    extdata   3.5Mb
* checking package directory ... OK
* checking DESCRIPTION meta-information ... NOTE
Package listed in more than one of Depends, Imports, Suggests, Enhances:
  ‘rtracklayer’
A package should be listed in only one of these fields.
* checking top-level files ... OK
* checking for left-over files ... OK
* checking index information ... OK
* checking package subdirectories ... OK
* checking code files for non-ASCII characters ... OK
* checking R files for syntax errors ... OK
* checking whether the package can be loaded ... OK
* checking whether the package can be loaded with stated dependencies ... OK
* checking whether the package can be unloaded cleanly ... OK
* checking whether the namespace can be loaded with stated dependencies ... OK
* checking whether the namespace can be unloaded cleanly ... OK
* checking dependencies in R code ... NOTE
Namespaces in Imports field not imported from:
  ‘BiocStyle’ ‘SnowballC’ ‘org.Rn.eg.db’
  All declared Imports should be used.
* checking S3 generic/method consistency ... OK
* checking replacement functions ... OK
* checking foreign function calls ... OK
* checking R code for possible problems ... NOTE
.geneXtender: no visible binding for global variable ‘type’
.geneXtender: no visible binding for global variable ‘seqid’
.geneXtender: no visible binding for global variable ‘gene_id’
.geneXtender: no visible binding for global variable ‘gene_name’
annotate_n: no visible binding for global variable ‘..I’
annotate_n: no visible binding for global variable ‘seqid’
diffGO: no visible binding for global variable ‘rat’
gene_annotate: no visible global function definition for ‘.’
gene_annotate: no visible binding for global variable
  ‘Distance-of-Gene-to-Nearest-Peak’
gene_annotate: no visible global function definition for ‘sd’
gene_annotate: no visible binding for global variable ‘Chromosome’
gene_annotate: no visible binding for global variable ‘Gene-Start’
gene_annotate: no visible binding for global variable ‘Gene-End’
gene_annotate: no visible binding for global variable ‘Gene-ID’
gene_annotate: no visible binding for global variable ‘Gene-Name’
gene_annotate: no visible binding for global variable
  ‘Peaks-on-Gene-Body’
gene_annotate: no visible binding for global variable
  ‘Number-of-Peaks-Associated-with-Gene’
gene_lookup: no visible binding for global variable ‘gene_name_id’
gene_lookup: no visible binding for global variable ‘gene_id’
gene_lookup : internal_find: no visible binding for global variable
  ‘Chromosome’
gene_lookup : internal_find: no visible binding for global variable
  ‘distance’
gene_lookup : internal_find: no visible global function definition for
  ‘na.omit’
gene_lookup: no visible binding for global variable ‘..I’
gene_lookup: no visible binding for global variable ‘distance’
makeWordCloud: no visible binding for global variable ‘rat’
meanPeakLength: no visible binding for global variable ‘rat’
peaksInput: no visible binding for global variable ‘chr’
peaksInput: no visible global function definition for ‘na.omit’
peaksMerge: no visible binding for global variable ‘chr’
peaksMerge: no visible binding for global variable ‘g’
peaksMerge: no visible global function definition for ‘.’
plotWordFreq : geneXtender: no visible binding for global variable
  ‘type’
plotWordFreq : geneXtender: no visible binding for global variable
  ‘seqid’
plotWordFreq : geneXtender: no visible binding for global variable
  ‘gene_id’
plotWordFreq : geneXtender: no visible binding for global variable
  ‘gene_name’
Undefined global functions or variables:
  . ..I Chromosome Distance-of-Gene-to-Nearest-Peak Gene-End Gene-ID
  Gene-Name Gene-Start Number-of-Peaks-Associated-with-Gene
  Peaks-on-Gene-Body chr distance g gene_id gene_name gene_name_id
  na.omit rat sd seqid type
Consider adding
  importFrom("stats", "na.omit", "sd")
to your NAMESPACE file.
* checking Rd files ... OK
* checking Rd metadata ... OK
* checking Rd cross-references ... OK
* checking for missing documentation entries ... OK
* checking for code/documentation mismatches ... OK
* checking Rd \usage sections ... OK
* checking Rd contents ... OK
* checking for unstated dependencies in examples ... OK
* checking contents of ‘data’ directory ... OK
* checking data for non-ASCII characters ... OK
* checking LazyData ... WARNING
  LazyData DB of 5.7 MB without LazyDataCompression set
  See §1.1.6 of 'Writing R Extensions'
* checking data for ASCII and uncompressed saves ... OK
* checking line endings in C/C++/Fortran sources/headers ... OK
* checking compiled code ... NOTE
Note: information on .o files is not available
* checking sizes of PDF files under ‘inst/doc’ ... OK
* checking installed files from ‘inst/doc’ ... OK
* checking files in ‘vignettes’ ... NOTE
Files named as vignettes but with no recognized vignette engine:
   ‘vignettes/geneXtendeR.Rnw’
(Is a VignetteBuilder field missing?)
* checking examples ... OK
Examples with CPU (user + system) or elapsed time > 5s
                     user system elapsed
meanPeakLengthPlot 34.614  2.846  37.663
hotspotPlot        25.492  1.043  26.253
annotate           21.523  0.340  22.330
barChart           18.636  0.684  19.440
cumlinePlot        18.528  0.560  19.533
linePlot           17.381  0.546  18.306
gene_annotate      16.570  0.459  16.801
diffGO             16.119  0.614  16.878
distinct           15.970  0.466  16.562
makeNetwork        15.637  0.626  16.462
plotWordFreq       14.657  0.538  15.182
makeWordCloud      14.645  0.524  15.251
gene_lookup        14.336  0.222  14.892
peakLengthBoxplot  14.242  0.303  14.622
meanPeakLength     12.900  0.344  13.351
* checking for unstated dependencies in ‘tests’ ... OK
* checking tests ...
  Running ‘testthat.R’
 OK
* checking package vignettes ... NOTE
Package has ‘vignettes’ subdirectory but apparently no vignettes.
Perhaps the ‘VignetteBuilder’ information is missing from the
DESCRIPTION file?
* checking PDF version of manual ... OK
* DONE

Status: 2 WARNINGs, 6 NOTEs
See
  ‘/Users/biocbuild/bbs-3.21-bioc/meat/geneXtendeR.Rcheck/00check.log’
for details.


Installation output

geneXtendeR.Rcheck/00install.out

##############################################################################
##############################################################################
###
### Running command:
###
###   /Library/Frameworks/R.framework/Resources/bin/R CMD INSTALL geneXtendeR
###
##############################################################################
##############################################################################


* installing to library ‘/Library/Frameworks/R.framework/Versions/4.5-arm64/Resources/library’
* installing *source* package ‘geneXtendeR’ ...
** this is package ‘geneXtendeR’ version ‘1.34.0’
** using staged installation
** libs
using C compiler: ‘Apple clang version 15.0.0 (clang-1500.0.40.1)’
using SDK: ‘MacOSX11.3.sdk’
clang -arch arm64 -I"/Library/Frameworks/R.framework/Resources/include" -DNDEBUG   -I/opt/R/arm64/include    -fPIC  -falign-functions=64 -Wall -g -O2  -c annotate.c -o annotate.o
annotate.c:159:94: warning: format specifies type 'int' but the argument has type 'unsigned long' [-Wformat]
                Rf_error("annotate() doesn't handle output lines longer than %d characters", sizeof(Buffer));
                                                                             ~~              ^~~~~~~~~~~~~~
                                                                             %lu
annotate.c:191:101: warning: format specifies type 'int' but the argument has type 'unsigned long' [-Wformat]
                        Rf_error("annotate() doesn't handle output lines longer than %d characters",sizeof(Buffer));
                                                                                     ~~             ^~~~~~~~~~~~~~
                                                                                     %lu
annotate.c:199:101: warning: format specifies type 'int' but the argument has type 'unsigned long' [-Wformat]
                        Rf_error("annotate() doesn't handle output lines longer than %d characters",sizeof(Buffer));
                                                                                     ~~             ^~~~~~~~~~~~~~
                                                                                     %lu
annotate.c:208:101: warning: format specifies type 'int' but the argument has type 'unsigned long' [-Wformat]
                        Rf_error("annotate() doesn't handle output lines longer than %d characters",sizeof(Buffer));
                                                                                     ~~             ^~~~~~~~~~~~~~
                                                                                     %lu
annotate.c:228:97: warning: format specifies type 'int' but the argument has type 'unsigned long' [-Wformat]
                    Rf_error("annotate() doesn't handle output lines longer than %d characters",sizeof(Buffer));
                                                                                 ~~             ^~~~~~~~~~~~~~
                                                                                 %lu
5 warnings generated.
clang -arch arm64 -I"/Library/Frameworks/R.framework/Resources/include" -DNDEBUG   -I/opt/R/arm64/include    -fPIC  -falign-functions=64 -Wall -g -O2  -c extract_number.c -o extract_number.o
extract_number.c:50:12: warning: variable 'pvcfcol1_1' set but not used [-Wunused-but-set-variable]
    char * pvcfcol1_1;
           ^
extract_number.c:51:12: warning: variable 'pvcfcol2_2' set but not used [-Wunused-but-set-variable]
    char * pvcfcol2_2;
           ^
extract_number.c:52:12: warning: variable 'pvcfcol3_3' set but not used [-Wunused-but-set-variable]
    char * pvcfcol3_3;
           ^
extract_number.c:53:12: warning: variable 'pvcfcol4_4' set but not used [-Wunused-but-set-variable]
    char * pvcfcol4_4;
           ^
extract_number.c:54:12: warning: variable 'pvcfcol5_5' set but not used [-Wunused-but-set-variable]
    char * pvcfcol5_5;
           ^
extract_number.c:66:10: warning: variable 'j_1' set but not used [-Wunused-but-set-variable]
    long j_1;
         ^
extract_number.c:72:10: warning: variable 'n_1' set but not used [-Wunused-but-set-variable]
    long n_1;
         ^
7 warnings generated.
clang -arch arm64 -I"/Library/Frameworks/R.framework/Resources/include" -DNDEBUG   -I/opt/R/arm64/include    -fPIC  -falign-functions=64 -Wall -g -O2  -c extract_peaks.c -o extract_peaks.o
extract_peaks.c:202:94: warning: format specifies type 'int' but the argument has type 'unsigned long' [-Wformat]
                Rf_error("annotate() doesn't handle output lines longer than %d characters", sizeof(Buffer));
                                                                             ~~              ^~~~~~~~~~~~~~
                                                                             %lu
1 warning generated.
clang -arch arm64 -dynamiclib -Wl,-headerpad_max_install_names -undefined dynamic_lookup -L/Library/Frameworks/R.framework/Resources/lib -L/opt/R/arm64/lib -o geneXtendeR.so annotate.o extract_number.o extract_peaks.o -F/Library/Frameworks/R.framework/.. -framework R
installing to /Library/Frameworks/R.framework/Versions/4.5-arm64/Resources/library/00LOCK-geneXtendeR/00new/geneXtendeR/libs
** R
** data
*** moving datasets to lazyload DB
** inst
** byte-compile and prepare package for lazy loading
** help
*** installing help indices
** building package indices
** installing vignettes
** testing if installed package can be loaded from temporary location
** checking absolute paths in shared objects and dynamic libraries
** testing if installed package can be loaded from final location
** testing if installed package keeps a record of temporary installation path
* DONE (geneXtendeR)

Tests output

geneXtendeR.Rcheck/tests/testthat.Rout


R version 4.5.0 RC (2025-04-04 r88129) -- "How About a Twenty-Six"
Copyright (C) 2025 The R Foundation for Statistical Computing
Platform: aarch64-apple-darwin20

R is free software and comes with ABSOLUTELY NO WARRANTY.
You are welcome to redistribute it under certain conditions.
Type 'license()' or 'licence()' for distribution details.

R is a collaborative project with many contributors.
Type 'contributors()' for more information and
'citation()' on how to cite R or R packages in publications.

Type 'demo()' for some demos, 'help()' for on-line help, or
'help.start()' for an HTML browser interface to help.
Type 'q()' to quit R.

> library(testthat)
> library(geneXtendeR)
Loading required package: rtracklayer
Loading required package: GenomicRanges
Loading required package: stats4
Loading required package: BiocGenerics
Loading required package: generics

Attaching package: 'generics'

The following objects are masked from 'package:base':

    as.difftime, as.factor, as.ordered, intersect, is.element, setdiff,
    setequal, union


Attaching package: 'BiocGenerics'

The following objects are masked from 'package:stats':

    IQR, mad, sd, var, xtabs

The following objects are masked from 'package:base':

    Filter, Find, Map, Position, Reduce, anyDuplicated, aperm, append,
    as.data.frame, basename, cbind, colnames, dirname, do.call,
    duplicated, eval, evalq, get, grep, grepl, is.unsorted, lapply,
    mapply, match, mget, order, paste, pmax, pmax.int, pmin, pmin.int,
    rank, rbind, rownames, sapply, saveRDS, table, tapply, unique,
    unsplit, which.max, which.min

Loading required package: S4Vectors

Attaching package: 'S4Vectors'

The following object is masked from 'package:utils':

    findMatches

The following objects are masked from 'package:base':

    I, expand.grid, unname

Loading required package: IRanges
Loading required package: GenomeInfoDb
Loading required package: GO.db
Loading required package: AnnotationDbi
Loading required package: Biobase
Welcome to Bioconductor

    Vignettes contain introductory material; view with
    'browseVignettes()'. To cite Bioconductor, see
    'citation("Biobase")', and for packages 'citation("pkgname")'.


> 
> test_check("geneXtendeR")
[ FAIL 0 | WARN 0 | SKIP 0 | PASS 86 ]
> 
> proc.time()
   user  system elapsed 
158.134  12.553 168.630 

Example timings

geneXtendeR.Rcheck/geneXtendeR-Ex.timings

nameusersystemelapsed
allPeakLengths0.2300.0070.240
annotate21.523 0.34022.330
annotate_n0.0010.0000.000
barChart18.636 0.68419.440
cumlinePlot18.528 0.56019.533
diffGO16.119 0.61416.878
distinct15.970 0.46616.562
gene_annotate16.570 0.45916.801
gene_lookup14.336 0.22214.892
hotspotPlot25.492 1.04326.253
linePlot17.381 0.54618.306
makeNetwork15.637 0.62616.462
makeWordCloud14.645 0.52415.251
meanPeakLength12.900 0.34413.351
meanPeakLengthPlot34.614 2.84637.663
peakLengthBoxplot14.242 0.30314.622
peaksInput0.1660.0470.184
peaksMerge0.1510.0160.087
plotWordFreq14.657 0.53815.182
rat3.6870.2733.971
samplepeaksinput0.0090.0010.010