Back to Build/check report for BioC 3.23 experimental data
ABCDEFGHIJKLMNOPQRS[T]UVWXYZ

This page was generated on 2025-10-30 15:01 -0400 (Thu, 30 Oct 2025).

HostnameOSArch (*)R versionInstalled pkgs
nebbiolo1Linux (Ubuntu 24.04.3 LTS)x86_64R Under development (unstable) (2025-10-20 r88955) -- "Unsuffered Consequences" 4428
Click on any hostname to see more info about the system (e.g. compilers)      (*) as reported by 'uname -p', except on Windows and Mac OS X

Package 399/430HostnameOS / ArchINSTALLBUILDCHECK
TENxBrainData 1.31.0  (landing page)
Bioconductor Package Maintainer
Snapshot Date: 2025-10-30 07:00 -0400 (Thu, 30 Oct 2025)
git_url: https://git.bioconductor.org/packages/TENxBrainData
git_branch: devel
git_last_commit: dde9968
git_last_commit_date: 2025-10-29 09:59:45 -0400 (Wed, 29 Oct 2025)
nebbiolo1Linux (Ubuntu 24.04.3 LTS) / x86_64  OK    ERROR  skipped


BUILD results for TENxBrainData on nebbiolo1

To the developers/maintainers of the TENxBrainData package:
- Use the following Renviron settings to reproduce errors and warnings.
- If 'R CMD check' started to fail recently on the Linux builder(s) over a missing dependency, add the missing dependency to 'Suggests:' in your DESCRIPTION file. See Renviron.bioc for more information.

raw results


Summary

Package: TENxBrainData
Version: 1.31.0
Command: /home/biocbuild/bbs-3.23-bioc/R/bin/R CMD build --keep-empty-dirs --no-resave-data TENxBrainData
StartedAt: 2025-10-30 11:41:09 -0400 (Thu, 30 Oct 2025)
EndedAt: 2025-10-30 11:43:02 -0400 (Thu, 30 Oct 2025)
EllapsedTime: 113.0 seconds
RetCode: 1
Status:   ERROR  
PackageFile: None
PackageFileSize: NA

Command output

##############################################################################
##############################################################################
###
### Running command:
###
###   /home/biocbuild/bbs-3.23-bioc/R/bin/R CMD build --keep-empty-dirs --no-resave-data TENxBrainData
###
##############################################################################
##############################################################################


* checking for file ‘TENxBrainData/DESCRIPTION’ ... OK
* preparing ‘TENxBrainData’:
* checking DESCRIPTION meta-information ... OK
* installing the package (it is needed to build vignettes)
* creating vignettes ... ERROR
--- re-building ‘TENxBrainData.Rmd’ using rmarkdown

Quitting from TENxBrainData.Rmd:290-295 [unnamed-chunk-22]
~~~~~~~~~~~~~~~~~~~~~~~~~~~~~~~~~~~~~~~~~~~~~~~~~~~~~~~~~~~~~~~~~~~~~~~~~~~~~~~~
<error/rlang_error>
Error in `readRDS()`:
! error reading from connection
---
Backtrace:
    ▆
 1. ├─AnnotationHub::query(hub, "TENxBrainData")
 2. └─AnnotationHub::query(hub, "TENxBrainData")
 3.   └─AnnotationHub (local) .local(x, pattern, ...)
 4.     └─AnnotationHub:::.db_index_load(x)
 5.       └─base::readRDS(.db_index_file(x))
~~~~~~~~~~~~~~~~~~~~~~~~~~~~~~~~~~~~~~~~~~~~~~~~~~~~~~~~~~~~~~~~~~~~~~~~~~~~~~~~

Error: processing vignette 'TENxBrainData.Rmd' failed with diagnostics:
error reading from connection
--- failed re-building ‘TENxBrainData.Rmd’

SUMMARY: processing the following file failed:
  ‘TENxBrainData.Rmd’

Error: Vignette re-building failed.
Execution halted