Back to Build/check report for BioC 3.23 experimental data
AB[C]DEFGHIJKLMNOPQRSTUVWXYZ

This page was generated on 2025-10-30 15:01 -0400 (Thu, 30 Oct 2025).

HostnameOSArch (*)R versionInstalled pkgs
nebbiolo1Linux (Ubuntu 24.04.3 LTS)x86_64R Under development (unstable) (2025-10-20 r88955) -- "Unsuffered Consequences" 4428
Click on any hostname to see more info about the system (e.g. compilers)      (*) as reported by 'uname -p', except on Windows and Mac OS X

Package 55/430HostnameOS / ArchINSTALLBUILDCHECK
ChIPDBData 1.1.0  (landing page)
Yosra Berrouayel
Snapshot Date: 2025-10-30 07:00 -0400 (Thu, 30 Oct 2025)
git_url: https://git.bioconductor.org/packages/ChIPDBData
git_branch: devel
git_last_commit: d77edb2
git_last_commit_date: 2025-10-29 10:07:07 -0400 (Wed, 29 Oct 2025)
nebbiolo1Linux (Ubuntu 24.04.3 LTS) / x86_64  OK    ERROR  skipped


BUILD results for ChIPDBData on nebbiolo1

To the developers/maintainers of the ChIPDBData package:
- Use the following Renviron settings to reproduce errors and warnings.
- If 'R CMD check' started to fail recently on the Linux builder(s) over a missing dependency, add the missing dependency to 'Suggests:' in your DESCRIPTION file. See Renviron.bioc for more information.

raw results


Summary

Package: ChIPDBData
Version: 1.1.0
Command: /home/biocbuild/bbs-3.23-bioc/R/bin/R CMD build --keep-empty-dirs --no-resave-data ChIPDBData
StartedAt: 2025-10-30 11:09:17 -0400 (Thu, 30 Oct 2025)
EndedAt: 2025-10-30 11:09:20 -0400 (Thu, 30 Oct 2025)
EllapsedTime: 2.6 seconds
RetCode: 1
Status:   ERROR  
PackageFile: None
PackageFileSize: NA

Command output

##############################################################################
##############################################################################
###
### Running command:
###
###   /home/biocbuild/bbs-3.23-bioc/R/bin/R CMD build --keep-empty-dirs --no-resave-data ChIPDBData
###
##############################################################################
##############################################################################


* checking for file ‘ChIPDBData/DESCRIPTION’ ... OK
* preparing ‘ChIPDBData’:
* checking DESCRIPTION meta-information ... OK
* installing the package (it is needed to build vignettes)
* creating vignettes ... ERROR
--- re-building ‘using_chipdb.Rmd’ using rmarkdown

Quitting from using_chipdb.Rmd:12-18 [setup]
~~~~~~~~~~~~~~~~~~~~~~~~~~~~~~~~~~~~~~~~~~~~~~~~~~~~~~~~~~~~~~~~~~~~~~~~~~~~~~~~
<error/rlang_error>
Error in `library()`:
! there is no package called 'TFEA.ChIP'
---
Backtrace:
    ▆
 1. └─base::library(TFEA.ChIP)
~~~~~~~~~~~~~~~~~~~~~~~~~~~~~~~~~~~~~~~~~~~~~~~~~~~~~~~~~~~~~~~~~~~~~~~~~~~~~~~~

Error: processing vignette 'using_chipdb.Rmd' failed with diagnostics:
there is no package called 'TFEA.ChIP'
--- failed re-building ‘using_chipdb.Rmd’

SUMMARY: processing the following file failed:
  ‘using_chipdb.Rmd’

Error: Vignette re-building failed.
Execution halted