| Back to Rapid builds (Linux only) of a subset of BioC 3.22 Report updated every 6 hours |
This page was generated on 2025-06-17 22:14 -0400 (Tue, 17 Jun 2025).
| Hostname | OS | Arch (*) | R version | Installed pkgs |
|---|---|---|---|---|
| teran2 | Linux (Ubuntu 24.04.1 LTS) | x86_64 | 4.5.0 (2025-04-11) -- "How About a Twenty-Six" | 886 |
| Click on any hostname to see more info about the system (e.g. compilers) (*) as reported by 'uname -p', except on Windows and Mac OS X | ||||
| Package 127/221 | Hostname | OS / Arch | INSTALL | BUILD | CHECK | |||||||
| KEGGREST 1.49.0 (landing page) Bioconductor Package Maintainer
| teran2 | Linux (Ubuntu 24.04.1 LTS) / x86_64 | OK | OK | ERROR | |||||||
|
To the developers/maintainers of the KEGGREST package: - Use the following Renviron settings to reproduce errors and warnings. - If 'R CMD check' started to fail recently on the Linux builder(s) over a missing dependency, add the missing dependency to 'Suggests:' in your DESCRIPTION file. See Renviron.bioc for more information. |
| Package: KEGGREST |
| Version: 1.49.0 |
| Command: /home/rapidbuild/bbs-3.22-bioc-rapid/R/bin/R CMD check --install=check:KEGGREST.install-out.txt --library=/home/rapidbuild/bbs-3.22-bioc-rapid/R/site-library --timings KEGGREST_1.49.0.tar.gz |
| StartedAt: 2025-06-17 21:07:20 -0400 (Tue, 17 Jun 2025) |
| EndedAt: 2025-06-17 21:10:37 -0400 (Tue, 17 Jun 2025) |
| EllapsedTime: 197.1 seconds |
| RetCode: 1 |
| Status: ERROR |
| CheckDir: KEGGREST.Rcheck |
| Warnings: NA |
##############################################################################
##############################################################################
###
### Running command:
###
### /home/rapidbuild/bbs-3.22-bioc-rapid/R/bin/R CMD check --install=check:KEGGREST.install-out.txt --library=/home/rapidbuild/bbs-3.22-bioc-rapid/R/site-library --timings KEGGREST_1.49.0.tar.gz
###
##############################################################################
##############################################################################
* using log directory ‘/media/volume/teran2_disk/rapidbuild/bbs-3.22-bioc-rapid/meat/KEGGREST.Rcheck’
* using R version 4.5.0 (2025-04-11)
* using platform: x86_64-pc-linux-gnu
* R was compiled by
gcc (Ubuntu 13.3.0-6ubuntu2~24.04) 13.3.0
GNU Fortran (Ubuntu 13.3.0-6ubuntu2~24.04) 13.3.0
* running under: Ubuntu 24.04.2 LTS
* using session charset: UTF-8
* checking for file ‘KEGGREST/DESCRIPTION’ ... OK
* this is package ‘KEGGREST’ version ‘1.49.0’
* checking package namespace information ... OK
* checking package dependencies ... OK
* checking if this is a source package ... OK
* checking if there is a namespace ... OK
* checking for hidden files and directories ... OK
* checking for portable file names ... OK
* checking for sufficient/correct file permissions ... OK
* checking whether package ‘KEGGREST’ can be installed ... OK
* checking installed package size ... OK
* checking package directory ... OK
* checking ‘build’ directory ... OK
* checking DESCRIPTION meta-information ... OK
* checking top-level files ... OK
* checking for left-over files ... OK
* checking index information ... OK
* checking package subdirectories ... OK
* checking code files for non-ASCII characters ... OK
* checking R files for syntax errors ... OK
* checking whether the package can be loaded ... OK
* checking whether the package can be loaded with stated dependencies ... OK
* checking whether the package can be unloaded cleanly ... OK
* checking whether the namespace can be loaded with stated dependencies ... OK
* checking whether the namespace can be unloaded cleanly ... OK
* checking loading without being on the library search path ... OK
* checking dependencies in R code ... OK
* checking S3 generic/method consistency ... OK
* checking replacement functions ... OK
* checking foreign function calls ... OK
* checking R code for possible problems ... OK
* checking Rd files ... OK
* checking Rd metadata ... OK
* checking Rd cross-references ... OK
* checking for missing documentation entries ... OK
* checking for code/documentation mismatches ... OK
* checking Rd \usage sections ... OK
* checking Rd contents ... OK
* checking for unstated dependencies in examples ... OK
* checking files in ‘vignettes’ ... OK
* checking examples ... ERROR
Running examples in ‘KEGGREST-Ex.R’ failed
The error most likely occurred in:
> base::assign(".ptime", proc.time(), pos = "CheckExEnv")
> ### Name: mark.pathway.by.objects
> ### Title: Client-side interface to obtain an url for a KEGG pathway
> ### diagram with a given set of genes marked
> ### Aliases: mark.pathway.by.objects color.pathway.by.objects
> ### Keywords: datasets
>
> ### ** Examples
>
> url <- mark.pathway.by.objects(
+ "path:eco00260", c("eco:b0002", "eco:c00263")
+ )
Error in .get.kegg.url(url) :
Not Found (HTTP 404). Failed to GET KEGG pathway URL.
Calls: mark.pathway.by.objects -> .get.kegg.url -> stop_for_status
Execution halted
Examples with CPU (user + system) or elapsed time > 5s
user system elapsed
listDatabases 0.410 0.025 13.944
keggList 0.348 0.037 13.603
keggLink 0.184 0.017 6.474
keggConv 0.050 0.002 6.551
* checking for unstated dependencies in ‘tests’ ... OK
* checking tests ...
Running ‘KEGGREST_unit_tests.R’
ERROR
Running the tests in ‘tests/KEGGREST_unit_tests.R’ failed.
Last 13 lines of output:
1 Test Suite :
KEGGREST RUnit Tests - 12 test functions, 1 error, 0 failures
ERROR in test_mark_and_color_pathways_by_objects: Error in .get.kegg.url(url) :
Not Found (HTTP 404). Failed to GET KEGG pathway URL.
Test files with failing tests
test_KEGGREST.R
test_mark_and_color_pathways_by_objects
Error in BiocGenerics:::testPackage("KEGGREST") :
unit tests failed for package KEGGREST
Execution halted
* checking for unstated dependencies in vignettes ... OK
* checking package vignettes ... OK
* checking re-building of vignette outputs ... OK
* checking PDF version of manual ... OK
* DONE
Status: 2 ERRORs
See
‘/media/volume/teran2_disk/rapidbuild/bbs-3.22-bioc-rapid/meat/KEGGREST.Rcheck/00check.log’
for details.
KEGGREST.Rcheck/00install.out
############################################################################## ############################################################################## ### ### Running command: ### ### /home/rapidbuild/bbs-3.22-bioc-rapid/R/bin/R CMD INSTALL KEGGREST ### ############################################################################## ############################################################################## * installing to library ‘/media/volume/teran2_disk/rapidbuild/bbs-3.22-bioc-rapid/R/site-library’ * installing *source* package ‘KEGGREST’ ... ** this is package ‘KEGGREST’ version ‘1.49.0’ ** using staged installation ** R ** inst ** byte-compile and prepare package for lazy loading ** help *** installing help indices ** building package indices ** installing vignettes ** testing if installed package can be loaded from temporary location ** testing if installed package can be loaded from final location ** testing if installed package keeps a record of temporary installation path * DONE (KEGGREST)
KEGGREST.Rcheck/tests/KEGGREST_unit_tests.Rout.fail
R version 4.5.0 (2025-04-11) -- "How About a Twenty-Six"
Copyright (C) 2025 The R Foundation for Statistical Computing
Platform: x86_64-pc-linux-gnu
R is free software and comes with ABSOLUTELY NO WARRANTY.
You are welcome to redistribute it under certain conditions.
Type 'license()' or 'licence()' for distribution details.
R is a collaborative project with many contributors.
Type 'contributors()' for more information and
'citation()' on how to cite R or R packages in publications.
Type 'demo()' for some demos, 'help()' for on-line help, or
'help.start()' for an HTML browser interface to help.
Type 'q()' to quit R.
> BiocGenerics:::testPackage("KEGGREST")
Timing stopped at: 0.035 0.002 0.68
Error in .get.kegg.url(url) :
Not Found (HTTP 404). Failed to GET KEGG pathway URL.
RUNIT TEST PROTOCOL -- Tue Jun 17 21:10:14 2025
***********************************************
Number of test functions: 12
Number of errors: 1
Number of failures: 0
1 Test Suite :
KEGGREST RUnit Tests - 12 test functions, 1 error, 0 failures
ERROR in test_mark_and_color_pathways_by_objects: Error in .get.kegg.url(url) :
Not Found (HTTP 404). Failed to GET KEGG pathway URL.
Test files with failing tests
test_KEGGREST.R
test_mark_and_color_pathways_by_objects
Error in BiocGenerics:::testPackage("KEGGREST") :
unit tests failed for package KEGGREST
Execution halted
KEGGREST.Rcheck/KEGGREST-Ex.timings
| name | user | system | elapsed | |
| keggCompounds | 0.047 | 0.006 | 0.884 | |
| keggConv | 0.050 | 0.002 | 6.551 | |
| keggFind | 0.048 | 0.001 | 2.995 | |
| keggGet | 0.999 | 0.168 | 3.402 | |
| keggInfo | 0.02 | 0.00 | 1.46 | |
| keggLink | 0.184 | 0.017 | 6.474 | |
| keggList | 0.348 | 0.037 | 13.603 | |
| listDatabases | 0.410 | 0.025 | 13.944 | |