| Back to Rapid builds (Linux only) of a subset of BioC 3.22 Report updated every 6 hours |
This page was generated on 2025-07-24 09:37 -0400 (Thu, 24 Jul 2025).
| Hostname | OS | Arch (*) | R version | Installed pkgs |
|---|---|---|---|---|
| teran2 | Linux (Ubuntu 24.04.1 LTS) | x86_64 | 4.5.0 (2025-04-11) -- "How About a Twenty-Six" | 914 |
| Click on any hostname to see more info about the system (e.g. compilers) (*) as reported by 'uname -p', except on Windows and Mac OS X | ||||
| Package 213/229 | Hostname | OS / Arch | INSTALL | BUILD | CHECK | |||||||
| TCGAbiolinks 2.37.1 (landing page) Tiago Chedraoui Silva
| teran2 | Linux (Ubuntu 24.04.1 LTS) / x86_64 | OK | OK | ERROR | |||||||
|
To the developers/maintainers of the TCGAbiolinks package: - Use the following Renviron settings to reproduce errors and warnings. - If 'R CMD check' started to fail recently on the Linux builder(s) over a missing dependency, add the missing dependency to 'Suggests:' in your DESCRIPTION file. See Renviron.bioc for more information. |
| Package: TCGAbiolinks |
| Version: 2.37.1 |
| Command: /home/rapidbuild/bbs-3.22-bioc-rapid/R/bin/R CMD check --install=check:TCGAbiolinks.install-out.txt --library=/home/rapidbuild/bbs-3.22-bioc-rapid/R/site-library --timings TCGAbiolinks_2.37.1.tar.gz |
| StartedAt: 2025-07-24 09:10:22 -0400 (Thu, 24 Jul 2025) |
| EndedAt: 2025-07-24 09:20:45 -0400 (Thu, 24 Jul 2025) |
| EllapsedTime: 622.9 seconds |
| RetCode: 1 |
| Status: ERROR |
| CheckDir: TCGAbiolinks.Rcheck |
| Warnings: NA |
##############################################################################
##############################################################################
###
### Running command:
###
### /home/rapidbuild/bbs-3.22-bioc-rapid/R/bin/R CMD check --install=check:TCGAbiolinks.install-out.txt --library=/home/rapidbuild/bbs-3.22-bioc-rapid/R/site-library --timings TCGAbiolinks_2.37.1.tar.gz
###
##############################################################################
##############################################################################
* using log directory ‘/media/volume/teran2_disk/rapidbuild/bbs-3.22-bioc-rapid/meat/TCGAbiolinks.Rcheck’
* using R version 4.5.0 (2025-04-11)
* using platform: x86_64-pc-linux-gnu
* R was compiled by
gcc (Ubuntu 13.3.0-6ubuntu2~24.04) 13.3.0
GNU Fortran (Ubuntu 13.3.0-6ubuntu2~24.04) 13.3.0
* running under: Ubuntu 24.04.2 LTS
* using session charset: UTF-8
* checking for file ‘TCGAbiolinks/DESCRIPTION’ ... OK
* checking extension type ... Package
* this is package ‘TCGAbiolinks’ version ‘2.37.1’
* package encoding: UTF-8
* checking package namespace information ... OK
* checking package dependencies ... INFO
Imports includes 23 non-default packages.
Importing from so many packages makes the package vulnerable to any of
them becoming unavailable. Move as many as possible to Suggests and
use conditionally.
* checking if this is a source package ... OK
* checking if there is a namespace ... OK
* checking for hidden files and directories ... OK
* checking for portable file names ... OK
* checking for sufficient/correct file permissions ... OK
* checking whether package ‘TCGAbiolinks’ can be installed ... OK
* checking installed package size ... INFO
installed size is 6.2Mb
sub-directories of 1Mb or more:
R 1.6Mb
data 4.3Mb
* checking package directory ... OK
* checking ‘build’ directory ... OK
* checking DESCRIPTION meta-information ... OK
* checking top-level files ... OK
* checking for left-over files ... OK
* checking index information ... OK
* checking package subdirectories ... OK
* checking code files for non-ASCII characters ... OK
* checking R files for syntax errors ... OK
* checking whether the package can be loaded ... OK
* checking whether the package can be loaded with stated dependencies ... OK
* checking whether the package can be unloaded cleanly ... OK
* checking whether the namespace can be loaded with stated dependencies ... OK
* checking whether the namespace can be unloaded cleanly ... OK
* checking loading without being on the library search path ... OK
* checking whether startup messages can be suppressed ... OK
* checking dependencies in R code ... WARNING
'::' or ':::' import not declared from: ‘dnet’
* checking S3 generic/method consistency ... WARNING
print:
function(x, ...)
print.header:
function(text, type)
See section ‘Generic functions and methods’ in the ‘Writing R
Extensions’ manual.
* checking replacement functions ... OK
* checking foreign function calls ... OK
* checking R code for possible problems ... NOTE
GDCprepare_clinic: no visible binding for global variable
‘bcr_patient_barcode’
GDCprepare_clinic: no visible binding for global variable
‘days_to_last_followup’
GDCprepare_clinic: no visible binding for global variable
‘vital_status’
GDCquery : <anonymous>: no visible binding for global variable
‘submitter_id’
GDCquery : <anonymous>: no visible binding for global variable
‘is_ffpe’
GDCquery_clinic: no visible binding for global variable ‘submitter_id’
GDCquery_clinic: no visible binding for global variable
‘days_to_follow_up’
GDCquery_clinic: no visible binding for global variable
‘disease_response’
GDCquery_clinic: no visible global function definition for ‘across’
GDCquery_clinic: no visible global function definition for ‘everything’
GDCquery_clinic : <anonymous>: no visible binding for global variable
‘submitter_id’
GDCquery_clinic : <anonymous>: no visible global function definition
for ‘across’
GDCquery_clinic : <anonymous>: no visible global function definition
for ‘everything’
TCGAanalyze_DEA: no visible binding for global variable ‘barcode’
TCGAanalyze_DEA: no visible binding for global variable ‘clinical’
TCGAquery_recount2: no visible binding for global variable ‘rse_gene’
TCGAtumor_purity: no visible binding for global variable ‘Tumor.purity’
TCGAvisualize_SurvivalCoxNET: no visible global function definition for
‘colorRampPalette’
TCGAvisualize_SurvivalCoxNET: no visible global function definition for
‘adjustcolor’
TCGAvisualize_oncoprint: no visible binding for global variable ‘value’
TCGAvisualize_starburst: no visible binding for global variable
‘gene_name’
TCGAvisualize_starburst: no visible binding for global variable
‘geFDR2’
TCGAvisualize_starburst: no visible binding for global variable ‘logFC’
TCGAvisualize_starburst: no visible binding for global variable
‘meFDR2’
TCGAvisualize_starburst: no visible binding for global variable
‘threshold.starburst’
TCGAvisualize_starburst: no visible binding for global variable
‘starburst.status’
colDataPrepare: no visible binding for global variable
‘sample_submitter_id’
colDataPrepare: no visible binding for global variable ‘submitter_id’
getBarcodeInfo: no visible binding for global variable
‘days_to_follow_up’
getBarcodeInfo: no visible binding for global variable
‘disease_response’
readExonQuantification: no visible binding for global variable ‘exon’
readExonQuantification: no visible binding for global variable
‘coordinates’
readSingleCellAnalysis : <anonymous>: no visible global function
definition for ‘Read10X’
read_gene_expression_quantification : <anonymous>: no visible binding
for '<<-' assignment to ‘assay.list’
read_gene_expression_quantification: no visible binding for global
variable ‘assay.list’
Undefined global functions or variables:
Read10X Tumor.purity across adjustcolor assay.list barcode
bcr_patient_barcode clinical colorRampPalette coordinates
days_to_follow_up days_to_last_followup disease_response everything
exon geFDR2 gene_name is_ffpe logFC meFDR2 rse_gene
sample_submitter_id starburst.status submitter_id threshold.starburst
value vital_status
Consider adding
importFrom("grDevices", "adjustcolor", "colorRampPalette")
to your NAMESPACE file.
* checking Rd files ... OK
* checking Rd metadata ... OK
* checking Rd cross-references ... OK
* checking for missing documentation entries ... OK
* checking for code/documentation mismatches ... OK
* checking Rd \usage sections ... OK
* checking Rd contents ... OK
* checking for unstated dependencies in examples ... OK
* checking contents of ‘data’ directory ... OK
* checking data for non-ASCII characters ... OK
* checking LazyData ... OK
* checking data for ASCII and uncompressed saves ... OK
* checking R/sysdata.rda ... OK
* checking files in ‘vignettes’ ... OK
* checking examples ... ERROR
Running examples in ‘TCGAbiolinks-Ex.R’ failed
The error most likely occurred in:
> base::assign(".ptime", proc.time(), pos = "CheckExEnv")
> ### Name: TCGAvisualize_PCA
> ### Title: Principal components analysis (PCA) plot
> ### Aliases: TCGAvisualize_PCA
>
> ### ** Examples
>
> # normalization of genes
> dataNorm <- TCGAbiolinks::TCGAanalyze_Normalization(tabDF = dataBRCA, geneInfo = geneInfo,
+ method = "geneLength")
I Need about 2.4 seconds for this Complete Normalization Upper Quantile [Processing 80k elements /s]
Step 1 of 4: newSeqExpressionSet ...
Step 2 of 4: withinLaneNormalization ...
Step 3 of 4: betweenLaneNormalization ...
Step 4 of 4: exprs ...
> # quantile filter of genes
> dataFilt <- TCGAanalyze_Filtering(tabDF = dataBRCA, method = "quantile", qnt.cut = 0.25)
> # Principal Component Analysis plot for ntop selected DEGs
> # selection of normal samples "NT"
> group1 <- TCGAquery_SampleTypes(colnames(dataFilt), typesample = c("NT"))
> # selection of normal samples "TP"
> group2 <- TCGAquery_SampleTypes(colnames(dataFilt), typesample = c("TP"))
> pca <- TCGAvisualize_PCA(dataFilt,dataDEGsFiltLevel, ntopgenes = 200, group1, group2)
Warning: In prcomp.default(t(expr2), cor = TRUE) :
extra argument ‘cor’ will be disregarded
Error in eval(substitute(expr), data, enclos = parent.frame()) :
invalid 'envir' argument of type 'object'
Calls: TCGAvisualize_PCA -> with -> with.default -> eval
Execution halted
Examples with CPU (user + system) or elapsed time > 5s
user system elapsed
TCGAanalyze_DEA 7.806 0.127 7.934
GDCprepare_clinic 0.917 0.127 37.016
GDCquery 0.677 0.085 10.938
* checking for unstated dependencies in ‘tests’ ... OK
* checking tests ...
Running ‘testthat.R’
OK
* checking for unstated dependencies in vignettes ... OK
* checking package vignettes ... OK
* checking re-building of vignette outputs ... OK
* checking PDF version of manual ... OK
* DONE
Status: 1 ERROR, 2 WARNINGs, 1 NOTE
See
‘/media/volume/teran2_disk/rapidbuild/bbs-3.22-bioc-rapid/meat/TCGAbiolinks.Rcheck/00check.log’
for details.
TCGAbiolinks.Rcheck/00install.out
############################################################################## ############################################################################## ### ### Running command: ### ### /home/rapidbuild/bbs-3.22-bioc-rapid/R/bin/R CMD INSTALL TCGAbiolinks ### ############################################################################## ############################################################################## * installing to library ‘/media/volume/teran2_disk/rapidbuild/bbs-3.22-bioc-rapid/R/site-library’ * installing *source* package ‘TCGAbiolinks’ ... ** this is package ‘TCGAbiolinks’ version ‘2.37.1’ ** using staged installation ** R ** data *** moving datasets to lazyload DB ** inst ** byte-compile and prepare package for lazy loading ** help *** installing help indices ** building package indices ** installing vignettes ** testing if installed package can be loaded from temporary location ** testing if installed package can be loaded from final location ** testing if installed package keeps a record of temporary installation path * DONE (TCGAbiolinks)
TCGAbiolinks.Rcheck/tests/testthat.Rout
R version 4.5.0 (2025-04-11) -- "How About a Twenty-Six"
Copyright (C) 2025 The R Foundation for Statistical Computing
Platform: x86_64-pc-linux-gnu
R is free software and comes with ABSOLUTELY NO WARRANTY.
You are welcome to redistribute it under certain conditions.
Type 'license()' or 'licence()' for distribution details.
R is a collaborative project with many contributors.
Type 'contributors()' for more information and
'citation()' on how to cite R or R packages in publications.
Type 'demo()' for some demos, 'help()' for on-line help, or
'help.start()' for an HTML browser interface to help.
Type 'q()' to quit R.
> library(testthat)
> library(TCGAbiolinks)
>
> test_check("TCGAbiolinks")
| | 0%
|========================== | 50% ~0 s remaining
|====================================================|100% ~0 s remaining
|====================================================|100% Completed after 0 s
| | 0%
|========================== | 50% ~0 s remaining
|====================================================|100% ~0 s remaining
|====================================================|100% Completed after 0 s
[1] "I need about 1 minute to finish complete Enrichment analysis GO[BP,MF,CC] and Pathways... "
[1] "GO Enrichment Analysis BP completed....done"
[1] "GO Enrichment Analysis MF completed....done"
[1] "GO Enrichment Analysis CC completed....done"
[1] "Pathway Enrichment Analysis completed....done"
[ FAIL 0 | WARN 3 | SKIP 24 | PASS 32 ]
══ Skipped tests (24) ══════════════════════════════════════════════════════════
• On Bioconductor (24): 'test-prepare-download.R:4:5',
'test-prepare-download.R:49:5', 'test-prepare-download.R:92:5',
'test-prepare-download.R:102:5', 'test-prepare-download.R:124:5',
'test-prepare-download.R:145:5', 'test-prepare-download.R:164:5',
'test-prepare-download.R:183:5', 'test-prepare-download.R:199:5',
'test-prepare-download.R:209:5', 'test-prepare-download.R:221:5',
'test-prepare-download.R:246:5', 'test-prepare-download.R:286:5',
'test-prepare-download.R:316:5', 'test-prepare-download.R:347:5',
'test-prepare-download.R:381:5', 'test-query-clinical.R:13:5',
'test-query-clinical.R:69:5', 'test-query.R:5:5', 'test-query.R:15:5',
'test-query.R:44:5', 'test-query.R:86:5', 'test-query.R:127:5',
'test-query.R:147:5'
[ FAIL 0 | WARN 3 | SKIP 24 | PASS 32 ]
>
> proc.time()
user system elapsed
33.729 1.138 34.867
TCGAbiolinks.Rcheck/TCGAbiolinks-Ex.timings
| name | user | system | elapsed | |
| GDCdownload | 0 | 0 | 0 | |
| GDCprepare | 0 | 0 | 0 | |
| GDCprepare_clinic | 0.917 | 0.127 | 37.016 | |
| GDCquery | 0.677 | 0.085 | 10.938 | |
| GDCquery_ATAC_seq | 0.316 | 0.014 | 1.318 | |
| GDCquery_clinic | 0.806 | 0.009 | 2.968 | |
| PanCancerAtlas_subtypes | 0.010 | 0.003 | 0.014 | |
| TCGAVisualize_volcano | 0.327 | 0.002 | 0.351 | |
| TCGA_MolecularSubtype | 0.221 | 0.000 | 0.221 | |
| TCGAanalyze_DEA | 7.806 | 0.127 | 7.934 | |
| TCGAanalyze_DEA_Affy | 0 | 0 | 0 | |
| TCGAanalyze_DMC | 0.916 | 0.173 | 1.090 | |
| TCGAanalyze_EA | 0 | 0 | 0 | |
| TCGAanalyze_EAcomplete | 1.322 | 0.067 | 1.389 | |
| TCGAanalyze_Filtering | 1.480 | 0.009 | 1.488 | |
| TCGAanalyze_LevelTab | 3.374 | 0.002 | 3.377 | |
| TCGAanalyze_Normalization | 1.502 | 0.002 | 1.505 | |
| TCGAanalyze_Pathview | 0 | 0 | 0 | |
| TCGAanalyze_Stemness | 0.786 | 0.002 | 0.789 | |
| TCGAanalyze_SurvivalKM | 0.091 | 0.002 | 0.092 | |
| TCGAanalyze_survival | 2.956 | 0.013 | 2.969 | |
| TCGAprepare_Affy | 0 | 0 | 0 | |
| TCGAquery_MatchedCoupledSampleTypes | 0.002 | 0.000 | 0.002 | |
| TCGAquery_SampleTypes | 0.001 | 0.000 | 0.001 | |
| TCGAquery_recount2 | 0 | 0 | 0 | |
| TCGAquery_subtype | 0.005 | 0.001 | 0.005 | |
| TCGAtumor_purity | 0.036 | 0.000 | 0.037 | |
| TCGAvisualize_EAbarplot | 1.287 | 0.013 | 1.306 | |
| TCGAvisualize_Heatmap | 1.242 | 0.014 | 1.256 | |