| Back to Rapid builds (Linux only) of a subset of BioC 3.22 Report updated every 6 hours | 
This page was generated on 2025-07-24 09:37 -0400 (Thu, 24 Jul 2025).
| Hostname | OS | Arch (*) | R version | Installed pkgs | 
|---|---|---|---|---|
| teran2 | Linux (Ubuntu 24.04.1 LTS) | x86_64 | 4.5.0 (2025-04-11) -- "How About a Twenty-Six" | 914 | 
| Click on any hostname to see more info about the system (e.g. compilers) (*) as reported by 'uname -p', except on Windows and Mac OS X | ||||
| Package 188/229 | Hostname | OS / Arch | INSTALL | BUILD | CHECK | |||||||
| Rsubread 2.23.2  (landing page) Wei Shi 
 | teran2 | Linux (Ubuntu 24.04.1 LTS) / x86_64 | OK | ERROR | skipped | |||||||
| To the developers/maintainers of the Rsubread package: - Use the following Renviron settings to reproduce errors and warnings. - If 'R CMD check' started to fail recently on the Linux builder(s) over a missing dependency, add the missing dependency to 'Suggests:' in your DESCRIPTION file. See Renviron.bioc for more information. | 
| Package: Rsubread | 
| Version: 2.23.2 | 
| Command: /home/rapidbuild/bbs-3.22-bioc-rapid/R/bin/R CMD build --keep-empty-dirs --no-resave-data Rsubread | 
| StartedAt: 2025-07-24 07:15:09 -0400 (Thu, 24 Jul 2025) | 
| EndedAt: 2025-07-24 07:20:49 -0400 (Thu, 24 Jul 2025) | 
| EllapsedTime: 339.4 seconds | 
| RetCode: 1 | 
| Status: ERROR | 
| PackageFile: None | 
| PackageFileSize: NA | 
##############################################################################
##############################################################################
###
### Running command:
###
###   /home/rapidbuild/bbs-3.22-bioc-rapid/R/bin/R CMD build --keep-empty-dirs --no-resave-data Rsubread
###
##############################################################################
##############################################################################
* checking for file ‘Rsubread/DESCRIPTION’ ... OK
* preparing ‘Rsubread’:
* checking DESCRIPTION meta-information ... OK
* cleaning src
* installing the package to build vignettes
* creating vignettes ... ERROR
--- re-building ‘Rsubread.Rnw’ using Sweave
trying URL 'https://shilab-bioinformatics.github.io/cellCounts-Example/cellCounts-Example.zip'
Content type 'application/x-zip-compressed' length 74690393 bytes (71.2 MB)
==================================================
downloaded 71.2 MB
 *** caught segfault ***
address (nil), cause 'memory not mapped'
Traceback:
 1: cellCounts(paste0(temp.dir, "/chr1"), sample.sheet, nthreads = 1,     input.mode = "FASTQ", annot.inbuilt = "hg38")
 2: eval(expr, .GlobalEnv)
 3: eval(expr, .GlobalEnv)
 4: withVisible(eval(expr, .GlobalEnv))
 5: doTryCatch(return(expr), name, parentenv, handler)
 6: tryCatchOne(expr, names, parentenv, handlers[[1L]])
 7: tryCatchList(expr, classes, parentenv, handlers)
 8: tryCatch(expr, error = function(e) {    call <- conditionCall(e)    if (!is.null(call)) {        if (identical(call[[1L]], quote(doTryCatch)))             call <- sys.call(-4L)        dcall <- deparse(call, nlines = 1L)        prefix <- paste("Error in", dcall, ": ")        LONG <- 75L        sm <- strsplit(conditionMessage(e), "\n")[[1L]]        w <- 14L + nchar(dcall, type = "w") + nchar(sm[1L], type = "w")        if (is.na(w))             w <- 14L + nchar(dcall, type = "b") + nchar(sm[1L],                 type = "b")        if (w > LONG)             prefix <- paste0(prefix, "\n  ")    }    else prefix <- "Error : "    msg <- paste0(prefix, conditionMessage(e), "\n")    .Internal(seterrmessage(msg[1L]))    if (!silent && isTRUE(getOption("show.error.messages"))) {        cat(msg, file = outFile)        .Internal(printDeferredWarnings())    }    invisible(structure(msg, class = "try-error", condition = e))})
 9: try(withVisible(eval(expr, .GlobalEnv)), silent = TRUE)
10: evalFunc(ce, options)
11: tryCatchList(expr, classes, parentenv, handlers)
12: tryCatch(evalFunc(ce, options), finally = {    cat("\n")    sink()})
13: driver$runcode(drobj, chunk, chunkopts)
14: utils::Sweave(...)
15: engine$weave(file, quiet = quiet, encoding = enc)
16: doTryCatch(return(expr), name, parentenv, handler)
17: tryCatchOne(expr, names, parentenv, handlers[[1L]])
18: tryCatchList(expr, classes, parentenv, handlers)
19: tryCatch({    engine$weave(file, quiet = quiet, encoding = enc)    setwd(startdir)    output <- find_vignette_product(name, by = "weave", engine = engine)    if (!have.makefile && vignette_is_tex(output)) {        texi2pdf(file = output, clean = FALSE, quiet = quiet)        output <- find_vignette_product(name, by = "texi2pdf",             engine = engine)    }    outputs <- c(outputs, output)}, error = function(e) {    thisOK <<- FALSE    fails <<- c(fails, file)    message(gettextf("Error: processing vignette '%s' failed with diagnostics:\n%s",         file, conditionMessage(e)))})
20: tools::buildVignettes(dir = ".", tangle = TRUE)
An irrecoverable exception occurred. R is aborting now ...
Segmentation fault (core dumped)