##############################################################################
##############################################################################
###
### Running command:
###
### /home/biocbuild/bbs-3.6-bioc/R/bin/R CMD check --no-vignettes --timings oneChannelGUI_1.43.1.tar.gz
###
##############################################################################
##############################################################################
* using log directory ‘/home/biocbuild/bbs-3.6-bioc/meat/oneChannelGUI.Rcheck’
* using R version 3.4.1 (2017-06-30)
* using platform: x86_64-pc-linux-gnu (64-bit)
* using session charset: UTF-8
* using option ‘--no-vignettes’
* checking for file ‘oneChannelGUI/DESCRIPTION’ ... OK
* this is package ‘oneChannelGUI’ version ‘1.43.1’
* checking package namespace information ... OK
* checking package dependencies ... ERROR
Package suggested but not available: ‘pdmclass’
Depends: includes the non-default packages:
‘Biobase’ ‘affylmGUI’ ‘tkrplot’ ‘tkWidgets’ ‘IRanges’ ‘Rsamtools’
‘Biostrings’ ‘siggenes’ ‘chimera’
Adding so many packages to the search path is excessive and importing
selectively is preferable.
The suggested packages are required for a complete check.
Checking can be attempted without them by setting the environment
variable _R_CHECK_FORCE_SUGGESTS_ to a false value.
See section ‘The DESCRIPTION file’ in the ‘Writing R Extensions’
manual.
* DONE
Status: 1 ERROR
See
‘/home/biocbuild/bbs-3.6-bioc/meat/oneChannelGUI.Rcheck/00check.log’
for details.