##############################################################################
##############################################################################
###
### Running command:
###
### rm -rf MMDiffBamSubset.buildbin-libdir MMDiffBamSubset.Rcheck && mkdir MMDiffBamSubset.buildbin-libdir MMDiffBamSubset.Rcheck && D:\biocbld\bbs-3.4-bioc\R\bin\R.exe CMD INSTALL --build --merge-multiarch --library=MMDiffBamSubset.buildbin-libdir MMDiffBamSubset_1.9.0.tar.gz >MMDiffBamSubset.Rcheck\00install.out 2>&1 && cp MMDiffBamSubset.Rcheck\00install.out MMDiffBamSubset-install.out && D:\biocbld\bbs-3.4-bioc\R\bin\R.exe CMD check --library=MMDiffBamSubset.buildbin-libdir --install="check:MMDiffBamSubset-install.out" --force-multiarch --no-vignettes --timings MMDiffBamSubset_1.9.0.tar.gz
###
##############################################################################
##############################################################################
* using log directory 'D:/biocbld/bbs-3.4-data-experiment/meat/MMDiffBamSubset.Rcheck'
* using R version 3.3.1 (2016-06-21)
* using platform: x86_64-w64-mingw32 (64-bit)
* using session charset: ISO8859-1
* using option '--no-vignettes'
* checking for file 'MMDiffBamSubset/DESCRIPTION' ... OK
* checking extension type ... Package
* this is package 'MMDiffBamSubset' version '1.9.0'
* checking package namespace information ... OK
* checking package dependencies ... ERROR
Package suggested but not available: 'MMDiff'
The suggested packages are required for a complete check.
Checking can be attempted without them by setting the environment
variable _R_CHECK_FORCE_SUGGESTS_ to a false value.
See section 'The DESCRIPTION file' in the 'Writing R Extensions'
manual.
* DONE
Status: 1 ERROR
See
'D:/biocbld/bbs-3.4-data-experiment/meat/MMDiffBamSubset.Rcheck/00check.log'
for details.