Back to the "Multiple platform build/check report" | A B [C] D E F G H I J K L M N O P Q R S T U V W X Y Z |
Package 141/609 | Hostname | OS / Arch | BUILD | CHECK | BUILD BIN | ||||
cosmo 1.24.0 Oliver Bembom
| lamb1 | Linux (openSUSE 12.1) / x86_64 | ERROR | skipped | |||||
moscato1 | Windows Server 2008 R2 Enterprise SP1 (64-bit) / x64 | ERROR | skipped | skipped | |||||
perceval | Mac OS X Leopard (10.5.8) / i386 | [ ERROR ] | skipped | skipped |
Package: cosmo |
Version: 1.24.0 |
Command: /Library/Frameworks/R.framework/Versions/2.15/Resources/bin/R CMD build --keep-empty-dirs --no-resave-data cosmo |
StartedAt: 2013-03-24 20:46:04 -0700 (Sun, 24 Mar 2013) |
EndedAt: 2013-03-24 20:46:22 -0700 (Sun, 24 Mar 2013) |
EllapsedTime: 18.0 seconds |
RetCode: 1 |
Status: ERROR |
PackageFile: None |
PackageFileSize: NA |
* checking for file 'cosmo/DESCRIPTION' ... OK * preparing 'cosmo': * checking DESCRIPTION meta-information ... OK * cleaning src * running 'cleanup' * installing the package to re-build vignettes * creating vignettes ... ERROR Loading required package: seqLogo Loading required package: grid Error: processing vignette 'cosmo.Rnw' failed with diagnostics: chunk 20 (label = candModels) Error in eval(expr, envir, enclos) : trying to get slot "cand" from an object of a basic class ("NULL") with no slots Execution halted