Back to the "Multiple platform build/check report" | A B C D E F G H I J K L M N O P Q [R] S T U V W X Y Z |
Package 433/554 | Hostname | OS / Arch | BUILD | CHECK | BUILD BIN | ||||
randPack 1.2.0 Robert Gentleman
| lamb2 | Linux (openSUSE 11.4) / x86_64 | OK | OK | |||||
puck5 | Linux (Ubuntu 12.04) / x86_64 | [ ERROR ] | skipped | ||||||
moscato2 | Windows Server 2008 R2 Enterprise SP1 (64-bit) / x64 | OK | OK | OK | |||||
petty | Mac OS X Leopard (10.5.8) / i386 | OK | OK | OK |
Package: randPack |
Version: 1.2.0 |
Command: /home/hpages/test-puck5/bbs-2.10-bioc/R/bin/R CMD build --keep-empty-dirs --no-resave-data randPack |
StartedAt: 2012-03-31 22:16:58 -0700 (Sat, 31 Mar 2012) |
EndedAt: 2012-03-31 22:17:03 -0700 (Sat, 31 Mar 2012) |
EllapsedTime: 4.7 seconds |
RetCode: 1 |
Status: ERROR |
PackageFile: None |
PackageFileSize: NA |
* checking for file 'randPack/DESCRIPTION' ... OK * preparing 'randPack': * checking DESCRIPTION meta-information ... OK * installing the package to re-build vignettes * creating vignettes ... ERROR Error in texi2dvi(file = file, pdf = TRUE, clean = clean, quiet = quiet, : Running 'texi2dvi' on 'randPack.tex' failed. LaTeX errors: ! Package auto-pst-pdf Error: "shell escape" (or "write18") is not enabled: auto-pst-pdf will not work! . Calls: <Anonymous> -> texi2pdf -> texi2dvi Execution halted