* checking for file 'plateCore/DESCRIPTION' ... OK
* preparing 'plateCore':
* checking DESCRIPTION meta-information ... OK
* installing the package to re-build vignettes
* creating vignettes ... ERROR
Loading required package: gtools
Loading required package: gdata
gdata: read.xls support for 'XLS' (Excel 97-2004) files ENABLED.
gdata: read.xls support for 'XLSX' (Excel 2007+) files ENABLED.
Attaching package: 'gdata'
The following object(s) are masked from 'package:stats':
nobs
The following object(s) are masked from 'package:utils':
object.size
Loading required package: caTools
Loading required package: bitops
Loading required package: grid
Loading required package: KernSmooth
KernSmooth 2.23 loaded
Copyright M. P. Wand 1997-2009
Attaching package: 'gplots'
The following object(s) are masked from 'package:stats':
lowess
Loading required package: flowCore
Loading required package: Biobase
Loading required package: BiocGenerics
Attaching package: 'BiocGenerics'
The following object(s) are masked from 'package:gdata':
combine
The following object(s) are masked from 'package:stats':
xtabs
The following object(s) are masked from 'package:base':
Filter, Find, Map, Position, Reduce, anyDuplicated, cbind,
colnames, duplicated, eval, get, intersect, lapply, mapply, mget,
order, paste, pmax, pmax.int, pmin, pmin.int, rbind, rep.int,
rownames, sapply, setdiff, table, tapply, union, unique
Welcome to Bioconductor
Vignettes contain introductory material; view with
'browseVignettes()'. To cite Bioconductor, see
'citation("Biobase")', and for packages 'citation("pkgname")'.
Loading required package: rrcov
Loading required package: robustbase
Loading required package: pcaPP
Loading required package: mvtnorm
Attaching package: 'flowCore'
The following object(s) are masked from 'package:stats':
filter
Loading required package: flowViz
Loading required package: lattice
Loading required package: latticeExtra
Loading required package: RColorBrewer
Attaching package: 'latticeExtra'
The following object(s) are masked from 'package:flowViz':
ecdfplot
Error in texi2dvi(file = file, pdf = TRUE, clean = clean, quiet = quiet, :
Running 'texi2dvi' on 'plateCoreVig.tex' failed.
LaTeX errors:
! Package auto-pst-pdf Error:
"shell escape" (or "write18") is not enabled:
auto-pst-pdf will not work!
.
Calls: <Anonymous> -> texi2pdf -> texi2dvi
Execution halted