Back to the "Multiple platform build/check report" | A B C D E F G H I J K L M N O P Q [R] S T U V W X Y Z |
Package 441/554 | Hostname | OS / Arch | BUILD | CHECK | BUILD BIN | ||||
RCytoscape 1.6.0 Paul Shannon
| lamb2 | Linux (openSUSE 11.4) / x86_64 | OK | TIMEOUT | |||||
puck5 | Linux (Ubuntu 12.04) / x86_64 | [ ERROR ] | skipped | ||||||
moscato2 | Windows Server 2008 R2 Enterprise SP1 (64-bit) / x64 | OK | OK | OK | |||||
petty | Mac OS X Leopard (10.5.8) / i386 | OK | TIMEOUT | OK |
Package: RCytoscape |
Version: 1.6.0 |
Command: /home/hpages/test-puck5/bbs-2.10-bioc/R/bin/R CMD build --keep-empty-dirs --no-resave-data RCytoscape |
StartedAt: 2012-03-31 22:00:05 -0700 (Sat, 31 Mar 2012) |
EndedAt: 2012-03-31 22:00:15 -0700 (Sat, 31 Mar 2012) |
EllapsedTime: 10.5 seconds |
RetCode: 1 |
Status: ERROR |
PackageFile: None |
PackageFileSize: NA |
* checking for file 'RCytoscape/DESCRIPTION' ... OK * preparing 'RCytoscape': * checking DESCRIPTION meta-information ... OK * installing the package to re-build vignettes * creating vignettes ... ERROR Loading required package: graph Loading required package: XMLRPC Error: processing vignette 'RCytoscape.Rnw' failed with diagnostics: chunk 1 (label = g0) Error in function (type, msg, asError = TRUE) : Recv failure: Connection reset by peer Execution halted