Last updated on 2024-06-16 10:55:47 CEST.
Flavor | Version | Tinstall | Tcheck | Ttotal | Status | Flags |
---|---|---|---|---|---|---|
r-devel-linux-x86_64-debian-clang | 0.6.1 | 4.57 | 57.90 | 62.47 | OK | |
r-devel-linux-x86_64-debian-gcc | 0.6.1 | 3.70 | 44.12 | 47.82 | OK | |
r-devel-linux-x86_64-fedora-clang | 0.6.1 | 79.13 | OK | |||
r-devel-linux-x86_64-fedora-gcc | 0.6.1 | 92.10 | OK | |||
r-devel-windows-x86_64 | 0.6.1 | 6.00 | 176.00 | 182.00 | OK | |
r-patched-linux-x86_64 | 0.6.1 | 7.50 | 56.74 | 64.24 | OK | |
r-release-linux-x86_64 | 0.6.1 | 4.48 | 55.48 | 59.96 | OK | |
r-release-macos-arm64 | 0.6.1 | 66.00 | OK | |||
r-release-macos-x86_64 | 0.6.1 | 111.00 | OK | |||
r-release-windows-x86_64 | 0.6.1 | 7.00 | 177.00 | 184.00 | OK | |
r-oldrel-macos-arm64 | 0.6.1 | 115.00 | OK | |||
r-oldrel-macos-x86_64 | 0.6.1 | 186.00 | NOTE | |||
r-oldrel-windows-x86_64 | 0.6.1 | 7.00 | 196.00 | 203.00 | OK |
Version: 0.6.1
Check: re-building of vignette outputs
Result: NOTE
Error(s) in re-building vignettes:
--- re-building ‘funwithfunload.Snw’ using Sweave
Error: processing vignette 'funwithfunload.Snw' failed with diagnostics:
Running 'texi2dvi' on 'funwithfunload.tex' failed.
LaTeX errors:
! LaTeX Error: File `supertabular.sty' not found.
Type X to quit or <RETURN> to proceed,
or enter new name. (Default extension: sty)
! Emergency stop.
<read *>
l.12 \usepackage
{wasysym}^^M
! ==> Fatal error occurred, no output PDF file produced!
--- failed re-building ‘funwithfunload.Snw’
--- re-building ‘widals.Snw’ using Sweave
Loading required package: snow
snowfall 1.84-6.2 initialized (using snow 0.4-4): parallel execution on 2 CPUs.
Library widals loaded in cluster.
Library widals loaded in cluster.
Stopping cluster
snowfall 1.84-6.2 initialized (using snow 0.4-4): parallel execution on 2 CPUs.
Library widals loaded in cluster.
Stopping cluster
snowfall 1.84-6.2 initialized (using snow 0.4-4): parallel execution on 2 CPUs.
Library widals loaded in cluster.
Stopping cluster
snowfall 1.84-6.2 initialized (using snow 0.4-4): parallel execution on 2 CPUs.
Library widals loaded in cluster.
Stopping cluster
snowfall 1.84-6.2 initialized (using snow 0.4-4): parallel execution on 2 CPUs.
Library widals loaded in cluster.
Stopping cluster
snowfall 1.84-6.2 initialized (using snow 0.4-4): parallel execution on 2 CPUs.
Library widals loaded in cluster.
Stopping cluster
snowfall 1.84-6.2 initialized (using snow 0.4-4): parallel execution on 2 CPUs.
Library widals loaded in cluster.
Library widals loaded in cluster.
Stopping cluster
Error: processing vignette 'widals.Snw' failed with diagnostics:
Running 'texi2dvi' on 'widals.tex' failed.
LaTeX errors:
! LaTeX Error: File `supertabular.sty' not found.
Type X to quit or <RETURN> to proceed,
or enter new name. (Default extension: sty)
! Emergency stop.
<read *>
l.12 \usepackage
{wasysym}^^M
! ==> Fatal error occurred, no output PDF file produced!
--- failed re-building ‘widals.Snw’
SUMMARY: processing the following files failed:
‘funwithfunload.Snw’ ‘widals.Snw’
Error: Vignette re-building failed.
Execution halted
Flavor: r-oldrel-macos-x86_64