Last updated on 2024-06-16 10:55:46 CEST.
Flavor | Version | Tinstall | Tcheck | Ttotal | Status | Flags |
---|---|---|---|---|---|---|
r-devel-linux-x86_64-debian-clang | 4.20.0 | 40.92 | 1018.00 | 1058.92 | OK | |
r-devel-linux-x86_64-debian-gcc | 4.20.0 | 36.69 | 770.28 | 806.97 | OK | |
r-devel-linux-x86_64-fedora-clang | 4.20.0 | 802.60 | NOTE | |||
r-devel-linux-x86_64-fedora-gcc | 4.20.0 | 758.01 | NOTE | |||
r-devel-windows-x86_64 | 4.20.0 | 38.00 | 835.00 | 873.00 | NOTE | |
r-patched-linux-x86_64 | 4.20.0 | 57.12 | 1042.03 | 1099.15 | OK | |
r-release-linux-x86_64 | 4.20.0 | 29.66 | 1025.72 | 1055.38 | OK | |
r-release-macos-arm64 | 4.20.0 | 300.00 | NOTE | |||
r-release-macos-x86_64 | 4.20.0 | 541.00 | NOTE | |||
r-release-windows-x86_64 | 4.20.0 | 37.00 | 823.00 | 860.00 | NOTE | |
r-oldrel-macos-arm64 | 4.20.0 | 303.00 | NOTE | |||
r-oldrel-macos-x86_64 | 4.20.0 | 738.00 | NOTE | |||
r-oldrel-windows-x86_64 | 4.20.0 | 50.00 | 1052.00 | 1102.00 | NOTE |
Version: 4.20.0
Check: package dependencies
Result: NOTE
Imports includes 25 non-default packages.
Importing from so many packages makes the package vulnerable to any of
them becoming unavailable. Move as many as possible to Suggests and
use conditionally.
Flavor: r-devel-linux-x86_64-fedora-clang
Version: 4.20.0
Check: installed package size
Result: NOTE
installed size is 6.0Mb
sub-directories of 1Mb or more:
R 1.0Mb
help 4.5Mb
Flavors: r-devel-linux-x86_64-fedora-clang, r-devel-windows-x86_64, r-release-macos-arm64, r-release-macos-x86_64, r-release-windows-x86_64, r-oldrel-macos-arm64, r-oldrel-macos-x86_64, r-oldrel-windows-x86_64
Version: 4.20.0
Check: dependencies in R code
Result: NOTE
Namespaces in Imports field not imported from:
‘foreign’ ‘psychTools’ ‘pwr’ ‘rmarkdown’
All declared Imports should be used.
Flavors: r-devel-linux-x86_64-fedora-clang, r-devel-linux-x86_64-fedora-gcc