Last updated on 2024-06-10 10:58:56 CEST.
Flavor | Version | Tinstall | Tcheck | Ttotal | Status | Flags |
---|---|---|---|---|---|---|
r-devel-linux-x86_64-debian-clang | 0.7-2 | 17.25 | 82.43 | 99.68 | OK | |
r-devel-linux-x86_64-debian-gcc | 0.7-2 | 10.35 | 62.68 | 73.03 | OK | |
r-devel-linux-x86_64-fedora-clang | 0.7-2 | 124.26 | NOTE | |||
r-devel-linux-x86_64-fedora-gcc | 0.7-2 | 115.43 | OK | |||
r-devel-windows-x86_64 | 0.7-2 | 14.00 | 86.00 | 100.00 | OK | |
r-patched-linux-x86_64 | 0.7-2 | 12.46 | 79.65 | 92.11 | OK | |
r-release-linux-x86_64 | 0.7-2 | 11.82 | 78.74 | 90.56 | OK | |
r-release-macos-arm64 | 0.7-2 | 39.00 | OK | |||
r-release-macos-x86_64 | 0.7-2 | 61.00 | OK | |||
r-release-windows-x86_64 | 0.7-2 | 15.00 | 85.00 | 100.00 | OK | |
r-oldrel-macos-arm64 | 0.7-2 | 40.00 | OK | |||
r-oldrel-macos-x86_64 | 0.7-2 | 78.00 | OK | |||
r-oldrel-windows-x86_64 | 0.7-2 | 18.00 | 104.00 | 122.00 | OK |
Version: 0.7-2
Check: installed package size
Result: NOTE
installed size is 5.5Mb
sub-directories of 1Mb or more:
libs 5.0Mb
Flavor: r-devel-linux-x86_64-fedora-clang