Last updated on 2024-06-10 10:58:56 CEST.
Flavor | Version | Tinstall | Tcheck | Ttotal | Status | Flags |
---|---|---|---|---|---|---|
r-devel-linux-x86_64-debian-clang | 0.2-8 | 11.87 | 186.86 | 198.73 | NOTE | |
r-devel-linux-x86_64-debian-gcc | 0.2-8 | 11.51 | 132.77 | 144.28 | NOTE | |
r-devel-linux-x86_64-fedora-clang | 0.2-8 | 240.06 | NOTE | |||
r-devel-linux-x86_64-fedora-gcc | 0.2-8 | 242.51 | NOTE | |||
r-devel-windows-x86_64 | 0.2-8 | 12.00 | 174.00 | 186.00 | NOTE | |
r-patched-linux-x86_64 | 0.2-8 | 19.24 | 171.38 | 190.62 | NOTE | |
r-release-linux-x86_64 | 0.2-8 | 12.61 | 178.05 | 190.66 | NOTE | |
r-release-macos-arm64 | 0.2-8 | 71.00 | NOTE | |||
r-release-macos-x86_64 | 0.2-8 | 121.00 | NOTE | |||
r-release-windows-x86_64 | 0.2-8 | 11.00 | 173.00 | 184.00 | NOTE | |
r-oldrel-macos-arm64 | 0.2-8 | 78.00 | NOTE | |||
r-oldrel-macos-x86_64 | 0.2-8 | 190.00 | NOTE | |||
r-oldrel-windows-x86_64 | 0.2-8 | 16.00 | 205.00 | 221.00 | NOTE |
Version: 0.2-8
Check: package dependencies
Result: NOTE
Package suggested but not available for checking: ‘taxidata’
Flavors: r-devel-linux-x86_64-debian-clang, r-devel-linux-x86_64-debian-gcc, r-devel-linux-x86_64-fedora-clang, r-devel-linux-x86_64-fedora-gcc, r-devel-windows-x86_64, r-patched-linux-x86_64, r-release-linux-x86_64, r-release-macos-arm64, r-release-macos-x86_64, r-release-windows-x86_64, r-oldrel-macos-arm64, r-oldrel-macos-x86_64, r-oldrel-windows-x86_64