Last updated on 2024-06-10 10:58:56 CEST.
Flavor | Version | Tinstall | Tcheck | Ttotal | Status | Flags |
---|---|---|---|---|---|---|
r-devel-linux-x86_64-debian-clang | 3.4.2 | 2.96 | 25.74 | 28.70 | OK | |
r-devel-linux-x86_64-debian-gcc | 3.4.2 | 2.24 | 20.79 | 23.03 | OK | |
r-devel-linux-x86_64-fedora-clang | 3.4.2 | 38.29 | OK | |||
r-devel-linux-x86_64-fedora-gcc | 3.4.2 | 36.24 | OK | |||
r-devel-windows-x86_64 | 3.4.2 | 8.00 | 53.00 | 61.00 | NOTE | |
r-patched-linux-x86_64 | 3.4.2 | 2.91 | 26.15 | 29.06 | OK | |
r-release-linux-x86_64 | 3.4.2 | 2.40 | 25.51 | 27.91 | OK | |
r-release-macos-arm64 | 3.4.2 | 26.00 | OK | |||
r-release-macos-x86_64 | 3.4.2 | 31.00 | OK | |||
r-release-windows-x86_64 | 3.4.2 | 9.00 | 55.00 | 64.00 | NOTE | |
r-oldrel-macos-arm64 | 3.4.2 | 36.00 | OK | |||
r-oldrel-macos-x86_64 | 3.4.2 | 53.00 | OK | |||
r-oldrel-windows-x86_64 | 3.4.2 | 8.00 | 55.00 | 63.00 | NOTE |
Version: 3.4.2
Check: package dependencies
Result: NOTE
Package suggested but not available for checking: 'unix'
Flavors: r-devel-windows-x86_64, r-release-windows-x86_64, r-oldrel-windows-x86_64