Last updated on 2024-06-10 10:58:55 CEST.
Flavor | Version | Tinstall | Tcheck | Ttotal | Status | Flags |
---|---|---|---|---|---|---|
r-devel-linux-x86_64-debian-clang | 1.0 | 148.32 | 32.43 | 180.75 | OK | |
r-devel-linux-x86_64-debian-gcc | 1.0 | 104.27 | 25.07 | 129.34 | OK | |
r-devel-linux-x86_64-fedora-clang | 1.0 | 287.18 | OK | |||
r-devel-linux-x86_64-fedora-gcc | 1.0 | 304.53 | OK | |||
r-devel-windows-x86_64 | 1.0 | 121.00 | 65.00 | 186.00 | OK | |
r-patched-linux-x86_64 | 1.0 | 134.24 | 30.68 | 164.92 | OK | |
r-release-linux-x86_64 | 1.0 | 135.25 | 31.21 | 166.46 | OK | |
r-release-macos-arm64 | 1.0 | 51.00 | NOTE | |||
r-release-macos-x86_64 | 1.0 | 53.00 | NOTE | |||
r-release-windows-x86_64 | 1.0 | 123.00 | 74.00 | 197.00 | OK | |
r-oldrel-macos-arm64 | 1.0 | 63.00 | NOTE | |||
r-oldrel-macos-x86_64 | 1.0 | 71.00 | NOTE | |||
r-oldrel-windows-x86_64 | 1.0 | 143.00 | 81.00 | 224.00 | OK |
Version: 1.0
Check: installed package size
Result: NOTE
installed size is 7.0Mb
sub-directories of 1Mb or more:
libs 6.7Mb
Flavors: r-release-macos-arm64, r-release-macos-x86_64, r-oldrel-macos-arm64, r-oldrel-macos-x86_64