Last updated on 2024-06-10 10:58:54 CEST.
Flavor | Version | Tinstall | Tcheck | Ttotal | Status | Flags |
---|---|---|---|---|---|---|
r-devel-linux-x86_64-debian-clang | 3.0.1 | 341.25 | 85.51 | 426.76 | OK | |
r-devel-linux-x86_64-debian-gcc | 3.0.1 | 206.30 | 63.26 | 269.56 | OK | |
r-devel-linux-x86_64-fedora-clang | 3.0.1 | 595.99 | OK | |||
r-devel-linux-x86_64-fedora-gcc | 3.0.1 | 623.43 | OK | |||
r-devel-windows-x86_64 | 3.0.1 | 246.00 | 125.00 | 371.00 | OK | |
r-patched-linux-x86_64 | 3.0.1 | 268.56 | 81.47 | 350.03 | OK | |
r-release-linux-x86_64 | 3.0.1 | 262.18 | 80.21 | 342.39 | OK | |
r-release-macos-arm64 | 3.0.1 | 109.00 | NOTE | |||
r-release-macos-x86_64 | 3.0.1 | 113.00 | NOTE | |||
r-release-windows-x86_64 | 3.0.1 | 243.00 | 125.00 | 368.00 | OK | |
r-oldrel-macos-arm64 | 3.0.1 | 130.00 | NOTE | |||
r-oldrel-macos-x86_64 | 3.0.1 | 208.00 | NOTE | |||
r-oldrel-windows-x86_64 | 3.0.1 | 301.00 | 140.00 | 441.00 | OK |
Version: 3.0.1
Check: installed package size
Result: NOTE
installed size is 12.1Mb
sub-directories of 1Mb or more:
libs 11.1Mb
Flavors: r-release-macos-arm64, r-release-macos-x86_64, r-oldrel-macos-arm64, r-oldrel-macos-x86_64