Last updated on 2024-06-10 10:58:54 CEST.
Flavor | Version | Tinstall | Tcheck | Ttotal | Status | Flags |
---|---|---|---|---|---|---|
r-devel-linux-x86_64-debian-clang | 0.1.2 | 36.28 | 97.38 | 133.66 | OK | |
r-devel-linux-x86_64-debian-gcc | 0.1.2 | 22.71 | 70.14 | 92.85 | OK | |
r-devel-linux-x86_64-fedora-clang | 0.1.2 | 170.09 | NOTE | |||
r-devel-linux-x86_64-fedora-gcc | 0.1.2 | 178.31 | NOTE | |||
r-devel-windows-x86_64 | 0.1.2 | 25.00 | 116.00 | 141.00 | OK | |
r-patched-linux-x86_64 | 0.1.2 | 31.87 | 89.14 | 121.01 | OK | |
r-release-linux-x86_64 | 0.1.2 | 31.01 | 89.75 | 120.76 | OK | |
r-release-macos-arm64 | 0.1.2 | 54.00 | OK | |||
r-release-macos-x86_64 | 0.1.2 | 76.00 | OK | |||
r-release-windows-x86_64 | 0.1.2 | 26.00 | 122.00 | 148.00 | OK | |
r-oldrel-macos-arm64 | 0.1.2 | 61.00 | NOTE | |||
r-oldrel-macos-x86_64 | 0.1.2 | 95.00 | NOTE | |||
r-oldrel-windows-x86_64 | 0.1.2 | 32.00 | 135.00 | 167.00 | OK |
Version: 0.1.2
Check: package dependencies
Result: NOTE
Packages suggested but not available for checking:
'flowMerge', 'flowClust', 'flowCore'
Flavors: r-devel-linux-x86_64-fedora-clang, r-devel-linux-x86_64-fedora-gcc, r-oldrel-macos-arm64, r-oldrel-macos-x86_64
Version: 0.1.2
Check: Rd cross-references
Result: NOTE
Packages unavailable to check Rd xrefs: ‘flowClust’, ‘flowMerge’
Flavors: r-devel-linux-x86_64-fedora-clang, r-devel-linux-x86_64-fedora-gcc, r-oldrel-macos-arm64, r-oldrel-macos-x86_64