Last updated on 2024-06-16 09:56:13 CEST.
Flavor | Version | Tinstall | Tcheck | Ttotal | Status | Flags |
---|---|---|---|---|---|---|
r-devel-linux-x86_64-debian-clang | 3.6-26 | 305.25 | 563.88 | 869.13 | OK | |
r-devel-linux-x86_64-debian-gcc | 3.6-26 | 185.77 | 381.32 | 567.09 | OK | |
r-devel-linux-x86_64-fedora-clang | 3.6-26 | 1092.95 | OK | |||
r-devel-linux-x86_64-fedora-gcc | 3.6-26 | 1035.20 | OK | |||
r-devel-windows-x86_64 | 3.6-26 | 217.00 | 408.00 | 625.00 | NOTE | |
r-patched-linux-x86_64 | 3.6-26 | 250.31 | 518.74 | 769.05 | OK | |
r-release-linux-x86_64 | 3.6-26 | 232.61 | 527.25 | 759.86 | OK | |
r-release-macos-arm64 | 3.6-26 | 198.00 | NOTE | |||
r-release-macos-x86_64 | 3.6-26 | 371.00 | NOTE | |||
r-release-windows-x86_64 | 3.6-26 | 215.00 | 407.00 | 622.00 | NOTE | |
r-oldrel-macos-arm64 | 3.6-26 | 213.00 | NOTE | |||
r-oldrel-macos-x86_64 | 3.6-26 | 570.00 | NOTE | |||
r-oldrel-windows-x86_64 | 3.6-26 | 280.00 | 544.00 | 824.00 | NOTE |
Version: 3.6-26
Check: installed package size
Result: NOTE
installed size is 5.5Mb
sub-directories of 1Mb or more:
R 3.1Mb
libs 1.4Mb
Flavors: r-devel-windows-x86_64, r-release-macos-arm64, r-release-macos-x86_64, r-release-windows-x86_64, r-oldrel-macos-arm64, r-oldrel-macos-x86_64, r-oldrel-windows-x86_64