Last updated on 2024-06-16 09:56:13 CEST.
Flavor | Version | Tinstall | Tcheck | Ttotal | Status | Flags |
---|---|---|---|---|---|---|
r-devel-linux-x86_64-debian-clang | 1.6.0 | 16.09 | 84.80 | 100.89 | OK | |
r-devel-linux-x86_64-debian-gcc | 1.6.0 | 9.88 | 60.84 | 70.72 | OK | |
r-devel-linux-x86_64-fedora-clang | 1.6.0 | 116.45 | NOTE | |||
r-devel-linux-x86_64-fedora-gcc | 1.6.0 | 109.08 | OK | |||
r-devel-windows-x86_64 | 1.6.0 | 13.00 | 83.00 | 96.00 | NOTE | |
r-patched-linux-x86_64 | 1.6.0 | 15.49 | 79.31 | 94.80 | OK | |
r-release-linux-x86_64 | 1.6.0 | 13.15 | 79.96 | 93.11 | OK | |
r-release-macos-arm64 | 1.6.0 | 35.00 | NOTE | |||
r-release-macos-x86_64 | 1.6.0 | 55.00 | NOTE | |||
r-release-windows-x86_64 | 1.6.0 | 13.00 | 91.00 | 104.00 | NOTE | |
r-oldrel-macos-arm64 | 1.6.0 | 35.00 | NOTE | |||
r-oldrel-macos-x86_64 | 1.6.0 | 53.00 | NOTE | |||
r-oldrel-windows-x86_64 | 1.6.0 | 15.00 | 100.00 | 115.00 | NOTE |
Version: 1.6.0
Check: installed package size
Result: NOTE
installed size is 11.5Mb
sub-directories of 1Mb or more:
htmlwidgets 10.0Mb
super-tiny-icons 1.0Mb
Flavors: r-devel-linux-x86_64-fedora-clang, r-devel-windows-x86_64, r-release-macos-arm64, r-release-macos-x86_64, r-release-windows-x86_64, r-oldrel-macos-arm64, r-oldrel-macos-x86_64, r-oldrel-windows-x86_64