Last updated on 2024-06-10 10:58:50 CEST.
Flavor | Version | Tinstall | Tcheck | Ttotal | Status | Flags |
---|---|---|---|---|---|---|
r-devel-linux-x86_64-debian-clang | 0.2-3 | 6.58 | 80.51 | 87.09 | NOTE | |
r-devel-linux-x86_64-debian-gcc | 0.2-3 | 6.39 | 57.75 | 64.14 | NOTE | |
r-devel-linux-x86_64-fedora-clang | 0.2-3 | 108.17 | NOTE | |||
r-devel-linux-x86_64-fedora-gcc | 0.2-3 | 104.32 | NOTE | |||
r-devel-windows-x86_64 | 0.2-3 | 11.00 | 73.00 | 84.00 | NOTE | |
r-patched-linux-x86_64 | 0.2-3 | 6.41 | 76.40 | 82.81 | NOTE | |
r-release-linux-x86_64 | 0.2-3 | 5.89 | 75.38 | 81.27 | NOTE | |
r-release-macos-arm64 | 0.2-3 | 34.00 | NOTE | |||
r-release-macos-x86_64 | 0.2-3 | 56.00 | NOTE | |||
r-release-windows-x86_64 | 0.2-3 | 10.00 | 73.00 | 83.00 | NOTE | |
r-oldrel-macos-arm64 | 0.2-3 | 34.00 | NOTE | |||
r-oldrel-macos-x86_64 | 0.2-3 | 58.00 | NOTE | |||
r-oldrel-windows-x86_64 | 0.2-3 | 12.00 | 89.00 | 101.00 | NOTE |
Version: 0.2-3
Check: Rd files
Result: NOTE
checkRd: (-1) PatentsRD.Rd:4: Escaped LaTeX specials: \&
checkRd: (-1) PatentsRD.Rd:30: Escaped LaTeX specials: \&
checkRd: (-1) PatentsRDUS.Rd:4: Escaped LaTeX specials: \&
Flavors: r-devel-linux-x86_64-debian-clang, r-devel-linux-x86_64-debian-gcc, r-devel-linux-x86_64-fedora-clang, r-devel-linux-x86_64-fedora-gcc, r-devel-windows-x86_64, r-patched-linux-x86_64, r-release-linux-x86_64, r-release-macos-arm64, r-release-macos-x86_64, r-release-windows-x86_64, r-oldrel-macos-arm64, r-oldrel-macos-x86_64, r-oldrel-windows-x86_64