Last updated on 2024-06-10 10:58:50 CEST.
Flavor | Version | Tinstall | Tcheck | Ttotal | Status | Flags |
---|---|---|---|---|---|---|
r-devel-linux-x86_64-debian-clang | 0.2.13 | 11.74 | 106.24 | 117.98 | NOTE | |
r-devel-linux-x86_64-debian-gcc | 0.2.13 | 10.51 | 81.43 | 91.94 | NOTE | |
r-devel-linux-x86_64-fedora-clang | 0.2.13 | 151.21 | NOTE | |||
r-devel-linux-x86_64-fedora-gcc | 0.2.13 | 155.10 | NOTE | |||
r-devel-windows-x86_64 | 0.2.13 | 11.00 | 109.00 | 120.00 | NOTE | |
r-patched-linux-x86_64 | 0.2.13 | 8.46 | 105.79 | 114.25 | NOTE | |
r-release-linux-x86_64 | 0.2.13 | 9.98 | 104.97 | 114.95 | NOTE | |
r-release-macos-arm64 | 0.2.13 | 47.00 | NOTE | |||
r-release-macos-x86_64 | 0.2.13 | 68.00 | NOTE | |||
r-release-windows-x86_64 | 0.2.13 | 11.00 | 105.00 | 116.00 | NOTE | |
r-oldrel-macos-arm64 | 0.2.13 | 69.00 | NOTE | |||
r-oldrel-macos-x86_64 | 0.2.13 | 90.00 | NOTE | |||
r-oldrel-windows-x86_64 | 0.2.13 | 16.00 | 121.00 | 137.00 | NOTE |
Version: 0.2.13
Check: Rd files
Result: NOTE
checkRd: (-1) my.bspline.Rd:21: Escaped LaTeX specials: \$ \$ \$ \$ \$ \$
checkRd: (-1) my.bspline.Rd:27: Escaped LaTeX specials: \$ \$ \$
checkRd: (-1) pendensity.Rd:52: Escaped LaTeX specials: \$
checkRd: (-1) pendensity.Rd:57: Escaped LaTeX specials: \$ \$
checkRd: (-1) pendensity.Rd:66: Escaped LaTeX specials: \$
checkRd: (-1) pendensity.Rd:82: Escaped LaTeX specials: \$ \$
checkRd: (-1) pendensity.Rd:96: Escaped LaTeX specials: \$
checkRd: (-1) pendensity.Rd:100: Escaped LaTeX specials: \$
checkRd: (-1) pendensity.Rd:105: Escaped LaTeX specials: \$
checkRd: (-1) pendensity.Rd:109: Escaped LaTeX specials: \$
Flavors: r-devel-linux-x86_64-debian-clang, r-devel-linux-x86_64-debian-gcc, r-devel-linux-x86_64-fedora-clang, r-devel-linux-x86_64-fedora-gcc, r-devel-windows-x86_64, r-patched-linux-x86_64, r-release-linux-x86_64, r-release-macos-arm64, r-release-macos-x86_64, r-release-windows-x86_64, r-oldrel-macos-arm64, r-oldrel-macos-x86_64, r-oldrel-windows-x86_64