Last updated on 2024-06-16 09:56:11 CEST.
Flavor | Version | Tinstall | Tcheck | Ttotal | Status | Flags |
---|---|---|---|---|---|---|
r-devel-linux-x86_64-debian-clang | 0.1.1 | 10.84 | 141.12 | 151.96 | NOTE | |
r-devel-linux-x86_64-debian-gcc | 0.1.1 | 10.17 | 103.66 | 113.83 | NOTE | |
r-devel-linux-x86_64-fedora-clang | 0.1.1 | 192.55 | NOTE | |||
r-devel-linux-x86_64-fedora-gcc | 0.1.1 | 195.10 | NOTE | |||
r-devel-windows-x86_64 | 0.1.1 | 11.00 | 126.00 | 137.00 | NOTE | |
r-patched-linux-x86_64 | 0.1.1 | 24.19 | 135.55 | 159.74 | NOTE | |
r-release-linux-x86_64 | 0.1.1 | 8.27 | 130.72 | 138.99 | NOTE | |
r-release-macos-arm64 | 0.1.1 | 59.00 | NOTE | |||
r-release-macos-x86_64 | 0.1.1 | 96.00 | NOTE | |||
r-release-windows-x86_64 | 0.1.1 | 14.00 | 131.00 | 145.00 | NOTE | |
r-oldrel-macos-arm64 | 0.1.1 | 58.00 | OK | |||
r-oldrel-macos-x86_64 | 0.1.1 | 84.00 | OK | |||
r-oldrel-windows-x86_64 | 0.1.1 | 15.00 | 165.00 | 180.00 | OK |
Version: 0.1.1
Check: Rd files
Result: NOTE
checkRd: (-1) lra-ord.Rd:54: Lost braces in \itemize; \value handles \item{}{} directly
checkRd: (-1) lra-ord.Rd:55-56: Lost braces in \itemize; \value handles \item{}{} directly
checkRd: (-1) lra-ord.Rd:57-58: Lost braces in \itemize; \value handles \item{}{} directly
checkRd: (-1) lra-ord.Rd:59: Lost braces in \itemize; \value handles \item{}{} directly
checkRd: (-1) lra-ord.Rd:60: Lost braces in \itemize; \value handles \item{}{} directly
Flavors: r-devel-linux-x86_64-debian-clang, r-devel-linux-x86_64-debian-gcc, r-devel-linux-x86_64-fedora-clang, r-devel-linux-x86_64-fedora-gcc, r-devel-windows-x86_64, r-patched-linux-x86_64, r-release-linux-x86_64, r-release-macos-arm64, r-release-macos-x86_64, r-release-windows-x86_64
Version: 0.1.1
Check: Rd cross-references
Result: NOTE
Undeclared package ‘pillar’ in Rd xrefs
Flavor: r-devel-linux-x86_64-fedora-clang
Version: 0.1.1
Check: data for non-ASCII characters
Result: NOTE
Note: found 4 marked UTF-8 strings
Flavors: r-devel-linux-x86_64-fedora-clang, r-devel-linux-x86_64-fedora-gcc