Last updated on 2024-06-10 10:58:49 CEST.
Flavor | Version | Tinstall | Tcheck | Ttotal | Status | Flags |
---|---|---|---|---|---|---|
r-devel-linux-x86_64-debian-clang | 0.1.0 | 2.79 | 63.73 | 66.52 | NOTE | |
r-devel-linux-x86_64-debian-gcc | 0.1.0 | 2.38 | 46.49 | 48.87 | NOTE | |
r-devel-linux-x86_64-fedora-clang | 0.1.0 | 84.32 | NOTE | |||
r-devel-linux-x86_64-fedora-gcc | 0.1.0 | 94.08 | NOTE | |||
r-devel-windows-x86_64 | 0.1.0 | 3.00 | 81.00 | 84.00 | NOTE | |
r-patched-linux-x86_64 | 0.1.0 | 2.07 | 59.20 | 61.27 | NOTE | |
r-release-linux-x86_64 | 0.1.0 | 1.82 | 59.77 | 61.59 | NOTE | |
r-release-macos-arm64 | 0.1.0 | 46.00 | NOTE | |||
r-release-macos-x86_64 | 0.1.0 | 58.00 | NOTE | |||
r-release-windows-x86_64 | 0.1.0 | 4.00 | 74.00 | 78.00 | NOTE | |
r-oldrel-macos-arm64 | 0.1.0 | 40.00 | OK | |||
r-oldrel-macos-x86_64 | 0.1.0 | 50.00 | OK | |||
r-oldrel-windows-x86_64 | 0.1.0 | 4.00 | 77.00 | 81.00 | OK |
Version: 0.1.0
Check: Rd files
Result: NOTE
checkRd: (-1) lawdata.Rd:15: Lost braces in \itemize; meant \describe ?
checkRd: (-1) lawdata.Rd:16: Lost braces in \itemize; meant \describe ?
checkRd: (-1) lawdata.Rd:17: Lost braces in \itemize; meant \describe ?
checkRd: (-1) lawdata.Rd:18: Lost braces in \itemize; meant \describe ?
checkRd: (-1) lawdata.Rd:19: Lost braces in \itemize; meant \describe ?
checkRd: (-1) lawdata.Rd:20: Lost braces in \itemize; meant \describe ?
checkRd: (-1) lawdata.Rd:21: Lost braces in \itemize; meant \describe ?
checkRd: (-1) lawdata.Rd:22: Lost braces in \itemize; meant \describe ?
Flavors: r-devel-linux-x86_64-debian-clang, r-devel-linux-x86_64-debian-gcc, r-devel-linux-x86_64-fedora-clang, r-devel-linux-x86_64-fedora-gcc, r-devel-windows-x86_64, r-patched-linux-x86_64, r-release-linux-x86_64, r-release-macos-arm64, r-release-macos-x86_64, r-release-windows-x86_64