Last updated on 2024-06-16 09:56:09 CEST.
Flavor | Version | Tinstall | Tcheck | Ttotal | Status | Flags |
---|---|---|---|---|---|---|
r-devel-linux-x86_64-debian-clang | 1.3.0 | 22.65 | 58.71 | 81.36 | OK | |
r-devel-linux-x86_64-debian-gcc | 1.3.0 | 19.38 | 44.72 | 64.10 | OK | |
r-devel-linux-x86_64-fedora-clang | 1.3.0 | 104.97 | NOTE | |||
r-devel-linux-x86_64-fedora-gcc | 1.3.0 | 99.32 | NOTE | |||
r-devel-windows-x86_64 | 1.3.0 | 23.00 | 71.00 | 94.00 | OK | |
r-patched-linux-x86_64 | 1.3.0 | 23.35 | 55.46 | 78.81 | OK | |
r-release-linux-x86_64 | 1.3.0 | 22.68 | 54.85 | 77.53 | OK | |
r-release-macos-arm64 | 1.3.0 | 40.00 | NOTE | |||
r-release-macos-x86_64 | 1.3.0 | 52.00 | NOTE | |||
r-release-windows-x86_64 | 1.3.0 | 22.00 | 72.00 | 94.00 | OK | |
r-oldrel-macos-arm64 | 1.3.0 | 44.00 | NOTE | |||
r-oldrel-macos-x86_64 | 1.3.0 | 65.00 | NOTE | |||
r-oldrel-windows-x86_64 | 1.3.0 | 27.00 | 89.00 | 116.00 | OK |
Version: 1.3.0
Check: installed package size
Result: NOTE
installed size is 5.0Mb
sub-directories of 1Mb or more:
data 4.8Mb
Flavors: r-devel-linux-x86_64-fedora-clang, r-release-macos-arm64, r-release-macos-x86_64, r-oldrel-macos-arm64, r-oldrel-macos-x86_64
Version: 1.3.0
Check: Rd cross-references
Result: NOTE
Undeclared package ‘caret’ in Rd xrefs
Flavor: r-devel-linux-x86_64-fedora-clang
Version: 1.3.0
Check: data for non-ASCII characters
Result: NOTE
Note: found 313 marked UTF-8 strings
Flavors: r-devel-linux-x86_64-fedora-clang, r-devel-linux-x86_64-fedora-gcc