Last updated on 2024-06-10 10:58:48 CEST.
Flavor | Version | Tinstall | Tcheck | Ttotal | Status | Flags |
---|---|---|---|---|---|---|
r-devel-linux-x86_64-debian-clang | 2.1.6 | 51.86 | 61.21 | 113.07 | NOTE | |
r-devel-linux-x86_64-debian-gcc | 2.1.6 | 35.94 | 46.15 | 82.09 | NOTE | |
r-devel-linux-x86_64-fedora-clang | 2.1.6 | 169.54 | NOTE | |||
r-devel-linux-x86_64-fedora-gcc | 2.1.6 | 170.44 | NOTE | |||
r-devel-windows-x86_64 | 2.1.6 | 43.00 | 105.00 | 148.00 | NOTE | |
r-patched-linux-x86_64 | 2.1.6 | 50.44 | 60.52 | 110.96 | NOTE | |
r-release-linux-x86_64 | 2.1.6 | 42.07 | 60.10 | 102.17 | NOTE | |
r-release-macos-arm64 | 2.1.6 | 44.00 | NOTE | |||
r-release-macos-x86_64 | 2.1.6 | 57.00 | NOTE | |||
r-release-windows-x86_64 | 2.1.6 | 45.00 | 97.00 | 142.00 | NOTE | |
r-oldrel-macos-arm64 | 2.1.6 | 48.00 | OK | |||
r-oldrel-macos-x86_64 | 2.1.6 | 86.00 | OK | |||
r-oldrel-windows-x86_64 | 2.1.6 | 52.00 | 111.00 | 163.00 | OK |
Version: 2.1.6
Check: Rd files
Result: NOTE
checkRd: (-1) readFastq.Rd:62: Lost braces
62 | code{\link{readFasta}}.
| ^
Flavors: r-devel-linux-x86_64-debian-clang, r-devel-linux-x86_64-debian-gcc, r-devel-linux-x86_64-fedora-clang, r-devel-linux-x86_64-fedora-gcc, r-devel-windows-x86_64, r-patched-linux-x86_64, r-release-linux-x86_64, r-release-macos-arm64, r-release-macos-x86_64, r-release-windows-x86_64