Last updated on 2024-06-16 09:56:08 CEST.
Flavor | Version | Tinstall | Tcheck | Ttotal | Status | Flags |
---|---|---|---|---|---|---|
r-devel-linux-x86_64-debian-clang | 0.6-18 | 8.82 | 87.68 | 96.50 | OK | |
r-devel-linux-x86_64-debian-gcc | 0.6-18 | 5.96 | 63.48 | 69.44 | OK | |
r-devel-linux-x86_64-fedora-clang | 0.6-18 | 117.61 | NOTE | |||
r-devel-linux-x86_64-fedora-gcc | 0.6-18 | 113.01 | OK | |||
r-devel-windows-x86_64 | 0.6-18 | 7.00 | 84.00 | 91.00 | OK | |
r-patched-linux-x86_64 | 0.6-18 | 7.24 | 83.56 | 90.80 | OK | |
r-release-linux-x86_64 | 0.6-18 | 7.97 | 79.99 | 87.96 | OK | |
r-release-macos-arm64 | 0.6-18 | 36.00 | OK | |||
r-release-macos-x86_64 | 0.6-18 | 55.00 | OK | |||
r-release-windows-x86_64 | 0.6-18 | 8.00 | 86.00 | 94.00 | OK | |
r-oldrel-macos-arm64 | 0.6-18 | 36.00 | OK | |||
r-oldrel-macos-x86_64 | 0.6-18 | 60.00 | OK | |||
r-oldrel-windows-x86_64 | 0.6-18 | 10.00 | 103.00 | 113.00 | OK |
Version: 0.6-18
Check: Rd cross-references
Result: NOTE
Undeclared packages ‘micEconAids’, ‘micEconSNQP’ in Rd xrefs
Flavor: r-devel-linux-x86_64-fedora-clang