Last updated on 2024-06-16 09:56:08 CEST.
Flavor | Version | Tinstall | Tcheck | Ttotal | Status | Flags |
---|---|---|---|---|---|---|
r-devel-linux-x86_64-debian-clang | 1.1.0 | 21.44 | 221.05 | 242.49 | OK | |
r-devel-linux-x86_64-debian-gcc | 1.1.0 | 19.11 | 161.80 | 180.91 | OK | |
r-devel-linux-x86_64-fedora-clang | 1.1.0 | 300.49 | NOTE | |||
r-devel-linux-x86_64-fedora-gcc | 1.1.0 | 292.79 | NOTE | |||
r-devel-windows-x86_64 | 1.1.0 | 19.00 | 181.00 | 200.00 | OK | |
r-patched-linux-x86_64 | 1.1.0 | 19.16 | 210.44 | 229.60 | OK | |
r-release-linux-x86_64 | 1.1.0 | 14.50 | 213.83 | 228.33 | OK | |
r-release-macos-arm64 | 1.1.0 | 84.00 | OK | |||
r-release-macos-x86_64 | 1.1.0 | 138.00 | OK | |||
r-release-windows-x86_64 | 1.1.0 | 19.00 | 180.00 | 199.00 | OK | |
r-oldrel-macos-arm64 | 1.1.0 | 90.00 | OK | |||
r-oldrel-macos-x86_64 | 1.1.0 | 224.00 | OK | |||
r-oldrel-windows-x86_64 | 1.1.0 | 25.00 | 229.00 | 254.00 | OK |
Version: 1.1.0
Check: data for non-ASCII characters
Result: NOTE
Note: found 16 marked UTF-8 strings
Flavors: r-devel-linux-x86_64-fedora-clang, r-devel-linux-x86_64-fedora-gcc