Last updated on 2024-06-16 09:56:07 CEST.
Flavor | Version | Tinstall | Tcheck | Ttotal | Status | Flags |
---|---|---|---|---|---|---|
r-devel-linux-x86_64-debian-clang | 1.0.3 | 1.43 | 20.79 | 22.22 | NOTE | |
r-devel-linux-x86_64-debian-gcc | 1.0.3 | 1.36 | 16.18 | 17.54 | NOTE | |
r-devel-linux-x86_64-fedora-clang | 1.0.3 | 28.92 | NOTE | |||
r-devel-linux-x86_64-fedora-gcc | 1.0.3 | 27.50 | NOTE | |||
r-devel-windows-x86_64 | 1.0.3 | 3.00 | 37.00 | 40.00 | NOTE | |
r-patched-linux-x86_64 | 1.0.3 | 1.94 | 20.32 | 22.26 | NOTE | |
r-release-linux-x86_64 | 1.0.3 | 1.85 | 20.45 | 22.30 | NOTE | |
r-release-macos-arm64 | 1.0.3 | 14.00 | NOTE | |||
r-release-macos-x86_64 | 1.0.3 | 20.00 | NOTE | |||
r-release-windows-x86_64 | 1.0.3 | 4.00 | 37.00 | 41.00 | NOTE | |
r-oldrel-macos-arm64 | 1.0.3 | 14.00 | NOTE | |||
r-oldrel-macos-x86_64 | 1.0.3 | 19.00 | NOTE | |||
r-oldrel-windows-x86_64 | 1.0.3 | 3.00 | 37.00 | 40.00 | NOTE |
Version: 1.0.3
Check: LazyData
Result: NOTE
'LazyData' is specified without a 'data' directory
Flavors: r-devel-linux-x86_64-debian-clang, r-devel-linux-x86_64-debian-gcc, r-devel-linux-x86_64-fedora-clang, r-devel-linux-x86_64-fedora-gcc, r-devel-windows-x86_64, r-patched-linux-x86_64, r-release-linux-x86_64, r-release-macos-arm64, r-release-macos-x86_64, r-release-windows-x86_64, r-oldrel-macos-arm64, r-oldrel-macos-x86_64, r-oldrel-windows-x86_64