Last updated on 2024-06-10 10:58:47 CEST.
Flavor | Version | Tinstall | Tcheck | Ttotal | Status | Flags |
---|---|---|---|---|---|---|
r-devel-linux-x86_64-debian-clang | 1.0.0 | 50.25 | 802.88 | 853.13 | OK | |
r-devel-linux-x86_64-debian-gcc | 1.0.0 | 35.72 | 600.08 | 635.80 | OK | |
r-devel-linux-x86_64-fedora-clang | 1.0.0 | 1037.93 | NOTE | |||
r-devel-linux-x86_64-fedora-gcc | 1.0.0 | 1023.50 | OK | |||
r-devel-windows-x86_64 | 1.0.0 | 45.00 | 766.00 | 811.00 | NOTE | |
r-patched-linux-x86_64 | 1.0.0 | 197.10 | 775.98 | 973.08 | OK | |
r-release-linux-x86_64 | 1.0.0 | 44.47 | 774.15 | 818.62 | OK | |
r-release-macos-arm64 | 1.0.0 | 258.00 | NOTE | |||
r-release-macos-x86_64 | 1.0.0 | 356.00 | NOTE | |||
r-release-windows-x86_64 | 1.0.0 | 44.00 | 702.00 | 746.00 | NOTE | |
r-oldrel-macos-arm64 | 1.0.0 | 262.00 | NOTE | |||
r-oldrel-macos-x86_64 | 1.0.0 | 594.00 | NOTE | |||
r-oldrel-windows-x86_64 | 1.0.0 | 58.00 | 885.00 | 943.00 | NOTE |
Version: 1.0.0
Check: installed package size
Result: NOTE
installed size is 12.0Mb
sub-directories of 1Mb or more:
doc 3.3Mb
help 7.9Mb
Flavors: r-devel-linux-x86_64-fedora-clang, r-devel-windows-x86_64, r-release-macos-arm64, r-release-macos-x86_64, r-release-windows-x86_64, r-oldrel-macos-arm64, r-oldrel-macos-x86_64, r-oldrel-windows-x86_64