Last updated on 2024-06-10 10:58:46 CEST.
Flavor | Version | Tinstall | Tcheck | Ttotal | Status | Flags |
---|---|---|---|---|---|---|
r-devel-linux-x86_64-debian-clang | 0.2.9 | 233.32 | 226.34 | 459.66 | OK | |
r-devel-linux-x86_64-debian-gcc | 0.2.9 | 172.64 | 160.60 | 333.24 | OK | |
r-devel-linux-x86_64-fedora-clang | 0.2.9 | 645.40 | OK | |||
r-devel-linux-x86_64-fedora-gcc | 0.2.9 | 696.61 | OK | |||
r-devel-windows-x86_64 | 0.2.9 | 173.00 | 204.00 | 377.00 | OK | |
r-patched-linux-x86_64 | 0.2.9 | 224.78 | 221.10 | 445.88 | OK | |
r-release-linux-x86_64 | 0.2.9 | 211.98 | 215.90 | 427.88 | OK | |
r-release-macos-arm64 | 0.2.9 | 117.00 | NOTE | |||
r-release-macos-x86_64 | 0.2.9 | 160.00 | NOTE | |||
r-release-windows-x86_64 | 0.2.9 | 180.00 | 202.00 | 382.00 | OK | |
r-oldrel-macos-arm64 | 0.2.9 | 138.00 | NOTE | |||
r-oldrel-macos-x86_64 | 0.2.9 | 325.00 | NOTE | |||
r-oldrel-windows-x86_64 | 0.2.9 | 168.00 | 258.00 | 426.00 | OK |
Version: 0.2.9
Check: installed package size
Result: NOTE
installed size is 9.8Mb
sub-directories of 1Mb or more:
libs 8.1Mb
Flavors: r-release-macos-arm64, r-release-macos-x86_64, r-oldrel-macos-arm64, r-oldrel-macos-x86_64