Last updated on 2024-06-10 10:58:46 CEST.
Flavor | Version | Tinstall | Tcheck | Ttotal | Status | Flags |
---|---|---|---|---|---|---|
r-devel-linux-x86_64-debian-clang | 0.1.6 | 2.83 | 59.76 | 62.59 | OK | |
r-devel-linux-x86_64-debian-gcc | 0.1.6 | 2.64 | 44.80 | 47.44 | OK | |
r-devel-linux-x86_64-fedora-clang | 0.1.6 | 80.68 | OK | |||
r-devel-linux-x86_64-fedora-gcc | 0.1.6 | 86.07 | OK | |||
r-devel-windows-x86_64 | 0.1.6 | 4.00 | 69.00 | 73.00 | OK | |
r-patched-linux-x86_64 | 0.1.6 | 4.61 | 58.83 | 63.44 | OK | |
r-release-linux-x86_64 | 0.1.6 | 4.05 | 58.76 | 62.81 | OK | |
r-release-macos-arm64 | 0.1.6 | 34.00 | OK | |||
r-release-macos-x86_64 | 0.1.6 | 50.00 | OK | |||
r-release-windows-x86_64 | 0.1.6 | 4.00 | 74.00 | 78.00 | OK | |
r-oldrel-macos-arm64 | 0.1.6 | 32.00 | OK | |||
r-oldrel-macos-x86_64 | 0.1.6 | 52.00 | OK | |||
r-oldrel-windows-x86_64 | 0.1.6 | 5.00 | 85.00 | 90.00 | ERROR |
Version: 0.1.6
Check: re-building of vignette outputs
Result: ERROR
Error(s) in re-building vignettes:
--- re-building 'example-scripts.Rmd' using rmarkdown
--- finished re-building 'example-scripts.Rmd'
+-+example-scripts.html
--- re-building 'getting-started-with-irg.Rmd' using rmarkdown
--- finished re-building 'getting-started-with-irg.Rmd'
SUMMARY: processing the following file failed:
'example-scripts.Rmd'
Error: Vignette re-building failed.
Execution halted
Flavor: r-oldrel-windows-x86_64