Last updated on 2024-06-16 09:56:06 CEST.
Flavor | Version | Tinstall | Tcheck | Ttotal | Status | Flags |
---|---|---|---|---|---|---|
r-devel-linux-x86_64-debian-clang | 0.9.1 | 76.47 | 385.46 | 461.93 | OK | |
r-devel-linux-x86_64-debian-gcc | 0.9.1 | 62.58 | 308.34 | 370.92 | OK | |
r-devel-linux-x86_64-fedora-clang | 0.9.1 | 602.23 | NOTE | |||
r-devel-linux-x86_64-fedora-gcc | 0.9.1 | 585.11 | OK | |||
r-devel-windows-x86_64 | 0.9.1 | 68.00 | 320.00 | 388.00 | NOTE | |
r-patched-linux-x86_64 | 0.9.1 | 74.95 | 394.85 | 469.80 | OK | |
r-release-linux-x86_64 | 0.9.1 | 73.51 | 395.36 | 468.87 | OK | |
r-release-macos-arm64 | 0.9.1 | 166.00 | NOTE | |||
r-release-macos-x86_64 | 0.9.1 | 233.00 | NOTE | |||
r-release-windows-x86_64 | 0.9.1 | 71.00 | 317.00 | 388.00 | NOTE | |
r-oldrel-macos-arm64 | 0.9.1 | 124.00 | NOTE | |||
r-oldrel-macos-x86_64 | 0.9.1 | 213.00 | NOTE | |||
r-oldrel-windows-x86_64 | 0.9.1 | 88.00 | 424.00 | 512.00 | NOTE |
Version: 0.9.1
Check: package dependencies
Result: NOTE
Imports includes 38 non-default packages.
Importing from so many packages makes the package vulnerable to any of
them becoming unavailable. Move as many as possible to Suggests and
use conditionally.
Flavor: r-devel-linux-x86_64-fedora-clang
Version: 0.9.1
Check: installed package size
Result: NOTE
installed size is 6.6Mb
sub-directories of 1Mb or more:
data 3.3Mb
doc 1.6Mb
Flavors: r-devel-linux-x86_64-fedora-clang, r-devel-windows-x86_64, r-release-macos-arm64, r-release-macos-x86_64, r-release-windows-x86_64, r-oldrel-macos-arm64, r-oldrel-macos-x86_64, r-oldrel-windows-x86_64