Last updated on 2024-06-16 09:56:06 CEST.
Flavor | Version | Tinstall | Tcheck | Ttotal | Status | Flags |
---|---|---|---|---|---|---|
r-devel-linux-x86_64-debian-clang | 0.11.6 | 57.41 | 137.11 | 194.52 | OK | |
r-devel-linux-x86_64-debian-gcc | 0.11.6 | 39.76 | 101.62 | 141.38 | OK | |
r-devel-linux-x86_64-fedora-clang | 0.11.6 | 242.94 | OK | |||
r-devel-linux-x86_64-fedora-gcc | 0.11.6 | 257.63 | OK | |||
r-devel-windows-x86_64 | 0.11.6 | 38.00 | 139.00 | 177.00 | OK | |
r-patched-linux-x86_64 | 0.11.6 | 35.99 | 132.06 | 168.05 | OK | |
r-release-linux-x86_64 | 0.11.6 | 34.40 | 130.98 | 165.38 | OK | |
r-release-macos-arm64 | 0.11.6 | 72.00 | NOTE | |||
r-release-macos-x86_64 | 0.11.6 | 112.00 | NOTE | |||
r-release-windows-x86_64 | 0.11.6 | 39.00 | 155.00 | 194.00 | OK | |
r-oldrel-macos-arm64 | 0.11.6 | 84.00 | NOTE | |||
r-oldrel-macos-x86_64 | 0.11.6 | 198.00 | NOTE | |||
r-oldrel-windows-x86_64 | 0.11.6 | 48.00 | 170.00 | 218.00 | OK |
Version: 0.11.6
Check: installed package size
Result: NOTE
installed size is 10.3Mb
sub-directories of 1Mb or more:
libs 9.6Mb
Flavors: r-release-macos-arm64, r-release-macos-x86_64, r-oldrel-macos-arm64, r-oldrel-macos-x86_64