Last updated on 2024-06-10 10:58:46 CEST.
Flavor | Version | Tinstall | Tcheck | Ttotal | Status | Flags |
---|---|---|---|---|---|---|
r-devel-linux-x86_64-debian-clang | 3.9.5 | 5.69 | 46.72 | 52.41 | OK | |
r-devel-linux-x86_64-debian-gcc | 3.9.5 | 3.51 | 35.17 | 38.68 | OK | |
r-devel-linux-x86_64-fedora-clang | 3.9.5 | 64.45 | OK | |||
r-devel-linux-x86_64-fedora-gcc | 3.9.5 | 60.97 | OK | |||
r-devel-windows-x86_64 | 3.9.5 | 12.00 | 63.00 | 75.00 | OK | |
r-patched-linux-x86_64 | 3.9.5 | 5.68 | 45.53 | 51.21 | OK | |
r-release-linux-x86_64 | 3.9.5 | 4.94 | 45.71 | 50.65 | OK | |
r-release-macos-arm64 | 3.9.5 | 26.00 | OK | |||
r-release-macos-x86_64 | 3.9.5 | 38.00 | OK | |||
r-release-windows-x86_64 | 3.9.5 | 8.00 | 68.00 | 76.00 | OK | |
r-oldrel-macos-arm64 | 3.9.5 | 42.00 | OK | |||
r-oldrel-macos-x86_64 | 3.9.5 | 111.00 | OK | |||
r-oldrel-windows-x86_64 | 3.9.5 | 9.00 | 75.00 | 84.00 | ERROR |
Version: 3.9.5
Check: examples
Result: ERROR
Running examples in 'gtools-Ex.R' failed
The error most likely occurred in:
> ### Name: checkRVersion
> ### Title: Check if a newer version of R is available
> ### Aliases: checkRVersion
> ### Keywords: utilities
>
> ### ** Examples
>
>
> try(
+ ver <- checkRVersion()
+ )
Error in value[[3L]](cond) :
Your internet connection is not working (or CRAN is down)
> print(ver)
Error: object 'ver' not found
Execution halted
Flavor: r-oldrel-windows-x86_64