Last updated on 2024-06-16 09:56:04 CEST.
Flavor | Version | Tinstall | Tcheck | Ttotal | Status | Flags |
---|---|---|---|---|---|---|
r-devel-linux-x86_64-debian-clang | 0.1.3 | 8.54 | 60.62 | 69.16 | NOTE | |
r-devel-linux-x86_64-debian-gcc | 0.1.3 | 5.21 | 45.73 | 50.94 | NOTE | |
r-devel-linux-x86_64-fedora-clang | 0.1.3 | 89.91 | NOTE | |||
r-devel-linux-x86_64-fedora-gcc | 0.1.3 | 93.90 | NOTE | |||
r-devel-windows-x86_64 | 0.1.3 | 7.00 | 65.00 | 72.00 | NOTE | |
r-patched-linux-x86_64 | 0.1.3 | 7.04 | 57.92 | 64.96 | NOTE | |
r-release-linux-x86_64 | 0.1.3 | 6.26 | 58.10 | 64.36 | NOTE | |
r-release-macos-arm64 | 0.1.3 | 32.00 | NOTE | |||
r-release-macos-x86_64 | 0.1.3 | 58.00 | NOTE | |||
r-release-windows-x86_64 | 0.1.3 | 8.00 | 66.00 | 74.00 | NOTE | |
r-oldrel-macos-arm64 | 0.1.3 | 34.00 | OK | |||
r-oldrel-macos-x86_64 | 0.1.3 | 51.00 | OK | |||
r-oldrel-windows-x86_64 | 0.1.3 | 9.00 | 75.00 | 84.00 | OK |
Version: 0.1.3
Check: Rd files
Result: NOTE
checkRd: (-1) distribution_vector.Rd:14: Lost braces; missing escapes or markup?
14 | All standard distributions from {stats} package are covered. For a list
| ^
Flavors: r-devel-linux-x86_64-debian-clang, r-devel-linux-x86_64-debian-gcc, r-devel-linux-x86_64-fedora-clang, r-devel-linux-x86_64-fedora-gcc, r-devel-windows-x86_64, r-patched-linux-x86_64, r-release-linux-x86_64, r-release-macos-arm64, r-release-macos-x86_64, r-release-windows-x86_64