Last updated on 2024-06-10 09:49:05 CEST.
Flavor | Version | Tinstall | Tcheck | Ttotal | Status | Flags |
---|---|---|---|---|---|---|
r-devel-linux-x86_64-debian-clang | 1.0.1 | 28.24 | 131.26 | 159.50 | NOTE | |
r-devel-linux-x86_64-debian-gcc | 1.0.1 | 18.39 | 62.59 | 80.98 | NOTE | |
r-devel-linux-x86_64-fedora-clang | 1.0.1 | 139.59 | NOTE | |||
r-devel-linux-x86_64-fedora-gcc | 1.0.1 | 178.15 | NOTE | |||
r-devel-windows-x86_64 | 1.0.1 | 21.00 | 181.00 | 202.00 | NOTE | |
r-patched-linux-x86_64 | 1.0.1 | 23.39 | 129.53 | 152.92 | NOTE | |
r-release-linux-x86_64 | 1.0.1 | 21.98 | 99.13 | 121.11 | NOTE | |
r-release-macos-arm64 | 1.0.1 | 68.00 | NOTE | |||
r-release-macos-x86_64 | 1.0.1 | 124.00 | NOTE | |||
r-release-windows-x86_64 | 1.0.1 | 21.00 | 123.00 | 144.00 | NOTE | |
r-oldrel-macos-arm64 | 1.0.1 | 63.00 | NOTE | |||
r-oldrel-macos-x86_64 | 1.0.1 | 88.00 | NOTE | |||
r-oldrel-windows-x86_64 | 1.0.1 | 21.00 | 127.00 | 148.00 | NOTE |
Version: 1.0.1
Check: C++ specification
Result: NOTE
Specified C++11: please drop specification unless essential
Flavors: r-devel-linux-x86_64-debian-clang, r-devel-linux-x86_64-debian-gcc, r-devel-linux-x86_64-fedora-clang, r-devel-linux-x86_64-fedora-gcc, r-devel-windows-x86_64, r-patched-linux-x86_64, r-release-linux-x86_64, r-release-macos-arm64, r-release-macos-x86_64, r-release-windows-x86_64, r-oldrel-macos-arm64, r-oldrel-macos-x86_64, r-oldrel-windows-x86_64