Last updated on 2024-06-16 09:56:03 CEST.
Flavor | Version | Tinstall | Tcheck | Ttotal | Status | Flags |
---|---|---|---|---|---|---|
r-devel-linux-x86_64-debian-clang | 0.53 | 59.08 | 188.65 | 247.73 | OK | |
r-devel-linux-x86_64-debian-gcc | 0.53 | 45.53 | 136.42 | 181.95 | OK | |
r-devel-linux-x86_64-fedora-clang | 0.53 | 323.86 | NOTE | |||
r-devel-linux-x86_64-fedora-gcc | 0.53 | 319.88 | OK | |||
r-devel-windows-x86_64 | 0.53 | 47.00 | 162.00 | 209.00 | OK | |
r-patched-linux-x86_64 | 0.53 | 58.70 | 181.10 | 239.80 | OK | |
r-release-linux-x86_64 | 0.53 | 55.80 | 182.82 | 238.62 | OK | |
r-release-macos-arm64 | 0.53 | 80.00 | NOTE | |||
r-release-macos-x86_64 | 0.53 | 126.00 | NOTE | |||
r-release-windows-x86_64 | 0.53 | 51.00 | 166.00 | 217.00 | OK | |
r-oldrel-macos-arm64 | 0.53 | 100.00 | NOTE | |||
r-oldrel-macos-x86_64 | 0.53 | 185.00 | NOTE | |||
r-oldrel-windows-x86_64 | 0.53 | 62.00 | 205.00 | 267.00 | OK |
Version: 0.53
Check: Rd cross-references
Result: NOTE
Undeclared package ‘quantreg’ in Rd xrefs
Flavor: r-devel-linux-x86_64-fedora-clang
Version: 0.53
Check: installed package size
Result: NOTE
installed size is 10.6Mb
sub-directories of 1Mb or more:
libs 9.2Mb
Flavors: r-release-macos-arm64, r-release-macos-x86_64, r-oldrel-macos-arm64, r-oldrel-macos-x86_64