Last updated on 2024-06-10 09:49:04 CEST.
Flavor | Version | Tinstall | Tcheck | Ttotal | Status | Flags |
---|---|---|---|---|---|---|
r-devel-linux-x86_64-debian-clang | 1.7.0 | 209.54 | 459.78 | 669.32 | OK | |
r-devel-linux-x86_64-debian-gcc | 1.7.0 | 131.02 | 327.52 | 458.54 | OK | |
r-devel-linux-x86_64-fedora-clang | 1.7.0 | 890.44 | OK | |||
r-devel-linux-x86_64-fedora-gcc | 1.7.0 | 858.18 | OK | |||
r-devel-windows-x86_64 | 1.7.0 | 139.00 | 319.00 | 458.00 | OK | |
r-patched-linux-x86_64 | 1.7.0 | 170.20 | 457.31 | 627.51 | OK | |
r-release-linux-x86_64 | 1.7.0 | 126.17 | 442.21 | 568.38 | OK | |
r-release-macos-arm64 | 1.7.0 | 328.00 | NOTE | |||
r-release-macos-x86_64 | 1.7.0 | 309.00 | OK | |||
r-release-windows-x86_64 | 1.7.0 | 147.00 | 329.00 | 476.00 | OK | |
r-oldrel-macos-arm64 | 1.7.0 | 171.00 | OK | |||
r-oldrel-macos-x86_64 | 1.7.0 | 396.00 | OK | |||
r-oldrel-windows-x86_64 | 1.7.0 | 171.00 | 367.00 | 538.00 | OK |
Version: 1.7.0
Check: installed package size
Result: NOTE
installed size is 5.0Mb
sub-directories of 1Mb or more:
R 2.1Mb
libs 2.4Mb
Flavor: r-release-macos-arm64