Last updated on 2024-06-16 09:56:02 CEST.
Flavor | Version | Tinstall | Tcheck | Ttotal | Status | Flags |
---|---|---|---|---|---|---|
r-devel-linux-x86_64-debian-clang | 2.0.1 | 5.92 | 71.99 | 77.91 | OK | |
r-devel-linux-x86_64-debian-gcc | 2.0.1 | 4.13 | 52.95 | 57.08 | OK | |
r-devel-linux-x86_64-fedora-clang | 2.0.1 | 101.63 | OK | |||
r-devel-linux-x86_64-fedora-gcc | 2.0.1 | 103.08 | OK | |||
r-devel-windows-x86_64 | 2.0.1 | 5.00 | 106.00 | 111.00 | OK | |
r-patched-linux-x86_64 | 2.0.1 | 8.12 | 68.25 | 76.37 | OK | |
r-release-linux-x86_64 | 2.0.1 | 4.86 | 69.06 | 73.92 | OK | |
r-release-macos-arm64 | 2.0.1 | 38.00 | OK | |||
r-release-macos-x86_64 | 2.0.1 | 53.00 | WARN | |||
r-release-windows-x86_64 | 2.0.1 | 5.00 | 108.00 | 113.00 | OK | |
r-oldrel-macos-arm64 | 2.0.1 | 40.00 | OK | |||
r-oldrel-macos-x86_64 | 2.0.1 | 60.00 | OK | |||
r-oldrel-windows-x86_64 | 2.0.1 | 7.00 | 108.00 | 115.00 | OK |
Version: 2.0.1
Check: re-building of vignette outputs
Result: WARN
Error(s) in re-building vignettes:
...
--- re-building ‘dosresmeta.Rnw’ using knitr
Error: processing vignette 'dosresmeta.Rnw' failed with diagnostics:
Running 'texi2dvi' on 'dosresmeta.tex' failed.
LaTeX errors:
! Undefined control sequence.
l.278 \hlkwd{dosresmeta}\hldef
{(formula, id, type, v, cases, n, data,} \hlkw...
?
! Emergency stop.
l.278
End of file on the terminal!
! ==> Fatal error occurred, no output PDF file produced!
--- failed re-building ‘dosresmeta.Rnw’
SUMMARY: processing the following file failed:
‘dosresmeta.Rnw’
Error: Vignette re-building failed.
Execution halted
Flavor: r-release-macos-x86_64