Last updated on 2024-06-16 09:56:01 CEST.
Flavor | Version | Tinstall | Tcheck | Ttotal | Status | Flags |
---|---|---|---|---|---|---|
r-devel-linux-x86_64-debian-clang | 1.1.3 | 7.04 | 127.20 | 134.24 | OK | |
r-devel-linux-x86_64-debian-gcc | 1.1.3 | 5.59 | 92.17 | 97.76 | OK | |
r-devel-linux-x86_64-fedora-clang | 1.1.3 | 164.35 | OK | |||
r-devel-linux-x86_64-fedora-gcc | 1.1.3 | 167.83 | OK | |||
r-devel-windows-x86_64 | 1.1.3 | 8.00 | 110.00 | 118.00 | OK | |
r-patched-linux-x86_64 | 1.1.3 | 11.23 | 120.71 | 131.94 | OK | |
r-release-linux-x86_64 | 1.1.3 | 5.11 | 119.91 | 125.02 | OK | |
r-release-macos-arm64 | 1.1.3 | 60.00 | NOTE | |||
r-release-macos-x86_64 | 1.1.3 | 78.00 | OK | |||
r-release-windows-x86_64 | 1.1.3 | 9.00 | 112.00 | 121.00 | OK | |
r-oldrel-macos-arm64 | 1.1.3 | 53.00 | OK | |||
r-oldrel-macos-x86_64 | 1.1.3 | 107.00 | OK | |||
r-oldrel-windows-x86_64 | 1.1.3 | 10.00 | 129.00 | 139.00 | OK |
Version: 1.1.3
Check: package dependencies
Result: NOTE
Package suggested but not available for checking: ‘testthat’
Flavor: r-release-macos-arm64