Last updated on 2024-06-16 09:56:01 CEST.
Flavor | Version | Tinstall | Tcheck | Ttotal | Status | Flags |
---|---|---|---|---|---|---|
r-devel-linux-x86_64-debian-clang | 1.0.2 | 2.21 | 32.21 | 34.42 | NOTE | |
r-devel-linux-x86_64-debian-gcc | 1.0.2 | 1.77 | 24.06 | 25.83 | NOTE | |
r-devel-linux-x86_64-fedora-clang | 1.0.2 | 42.89 | NOTE | |||
r-devel-linux-x86_64-fedora-gcc | 1.0.2 | 40.05 | NOTE | |||
r-devel-windows-x86_64 | 1.0.2 | 3.00 | 44.00 | 47.00 | NOTE | |
r-patched-linux-x86_64 | 1.0.2 | 2.19 | 30.02 | 32.21 | NOTE | |
r-release-linux-x86_64 | 1.0.2 | 1.71 | 30.57 | 32.28 | NOTE | |
r-release-macos-arm64 | 1.0.2 | 17.00 | NOTE | |||
r-release-macos-x86_64 | 1.0.2 | 34.00 | NOTE | |||
r-release-windows-x86_64 | 1.0.2 | 4.00 | 45.00 | 49.00 | NOTE | |
r-oldrel-macos-arm64 | 1.0.2 | 17.00 | NOTE | |||
r-oldrel-macos-x86_64 | 1.0.2 | 24.00 | NOTE | |||
r-oldrel-windows-x86_64 | 1.0.2 | 2.00 | 44.00 | 46.00 | NOTE |
Version: 1.0.2
Check: LazyData
Result: NOTE
'LazyData' is specified without a 'data' directory
Flavors: r-devel-linux-x86_64-debian-clang, r-devel-linux-x86_64-debian-gcc, r-devel-linux-x86_64-fedora-clang, r-devel-linux-x86_64-fedora-gcc, r-devel-windows-x86_64, r-patched-linux-x86_64, r-release-linux-x86_64, r-release-macos-arm64, r-release-macos-x86_64, r-release-windows-x86_64, r-oldrel-macos-arm64, r-oldrel-macos-x86_64, r-oldrel-windows-x86_64