Last updated on 2024-06-16 09:56:01 CEST.
Flavor | Version | Tinstall | Tcheck | Ttotal | Status | Flags |
---|---|---|---|---|---|---|
r-devel-linux-x86_64-debian-clang | 1.2.2 | 3.75 | 105.15 | 108.90 | OK | |
r-devel-linux-x86_64-debian-gcc | 1.2.2 | 3.60 | 76.84 | 80.44 | OK | |
r-devel-linux-x86_64-fedora-clang | 1.2.2 | 142.21 | NOTE | |||
r-devel-linux-x86_64-fedora-gcc | 1.2.2 | 148.69 | OK | |||
r-devel-windows-x86_64 | 1.2.2 | 4.00 | 85.00 | 89.00 | OK | |
r-patched-linux-x86_64 | 1.2.2 | 5.18 | 101.17 | 106.35 | OK | |
r-release-linux-x86_64 | 1.2.2 | 4.57 | 101.84 | 106.41 | OK | |
r-release-macos-arm64 | 1.2.2 | 43.00 | OK | |||
r-release-macos-x86_64 | 1.2.2 | 96.00 | OK | |||
r-release-windows-x86_64 | 1.2.2 | 6.00 | 87.00 | 93.00 | OK | |
r-oldrel-macos-arm64 | 1.2.2 | 168.00 | OK | |||
r-oldrel-macos-x86_64 | 1.2.2 | 531.00 | OK | |||
r-oldrel-windows-x86_64 | 1.2.2 | 7.00 | 101.00 | 108.00 | OK |
Version: 1.2.2
Check: Rd cross-references
Result: NOTE
Undeclared package ‘ggplot2’ in Rd xrefs
Flavor: r-devel-linux-x86_64-fedora-clang