Last updated on 2024-06-16 09:56:01 CEST.
Flavor | Version | Tinstall | Tcheck | Ttotal | Status | Flags |
---|---|---|---|---|---|---|
r-devel-linux-x86_64-debian-clang | 1.1 | 22.22 | 44.80 | 67.02 | OK | |
r-devel-linux-x86_64-debian-gcc | 1.1 | 13.77 | 33.36 | 47.13 | OK | |
r-devel-linux-x86_64-fedora-clang | 1.1 | 88.31 | NOTE | |||
r-devel-linux-x86_64-fedora-gcc | 1.1 | 83.47 | NOTE | |||
r-devel-windows-x86_64 | 1.1 | 17.00 | 79.00 | 96.00 | OK | |
r-patched-linux-x86_64 | 1.1 | 15.75 | 44.70 | 60.45 | OK | |
r-release-linux-x86_64 | 1.1 | 18.19 | 44.74 | 62.93 | OK | |
r-release-macos-arm64 | 1.1 | 25.00 | OK | |||
r-release-macos-x86_64 | 1.1 | 36.00 | OK | |||
r-release-windows-x86_64 | 1.1 | 17.00 | 81.00 | 98.00 | OK | |
r-oldrel-macos-arm64 | 1.1 | 26.00 | OK | |||
r-oldrel-macos-x86_64 | 1.1 | 42.00 | OK | |||
r-oldrel-windows-x86_64 | 1.1 | 21.00 | 94.00 | 115.00 | OK |
Version: 1.1
Check: compiled code
Result: NOTE
File ‘clogitboost/libs/clogitboost.so’:
Found no calls to: ‘R_registerRoutines’, ‘R_useDynamicSymbols’
It is good practice to register native routines and to disable symbol
search.
See ‘Writing portable packages’ in the ‘Writing R Extensions’ manual.
Flavors: r-devel-linux-x86_64-fedora-clang, r-devel-linux-x86_64-fedora-gcc