Last updated on 2024-06-10 09:49:02 CEST.
Flavor | Version | Tinstall | Tcheck | Ttotal | Status | Flags |
---|---|---|---|---|---|---|
r-devel-linux-x86_64-debian-clang | 1.1.1 | 9.69 | 53.13 | 62.82 | OK | |
r-devel-linux-x86_64-debian-gcc | 1.1.1 | 5.06 | 42.49 | 47.55 | OK | |
r-devel-linux-x86_64-fedora-clang | 1.1.1 | 74.13 | NOTE | |||
r-devel-linux-x86_64-fedora-gcc | 1.1.1 | 71.41 | OK | |||
r-devel-windows-x86_64 | 1.1.1 | 7.00 | 64.00 | 71.00 | NOTE | |
r-patched-linux-x86_64 | 1.1.1 | 7.39 | 51.56 | 58.95 | OK | |
r-release-linux-x86_64 | 1.1.1 | 6.30 | 52.17 | 58.47 | OK | |
r-release-macos-arm64 | 1.1.1 | 27.00 | NOTE | |||
r-release-macos-x86_64 | 1.1.1 | 40.00 | NOTE | |||
r-release-windows-x86_64 | 1.1.1 | 8.00 | 66.00 | 74.00 | NOTE | |
r-oldrel-macos-arm64 | 1.1.1 | 28.00 | NOTE | |||
r-oldrel-macos-x86_64 | 1.1.1 | 42.00 | NOTE | |||
r-oldrel-windows-x86_64 | 1.1.1 | 8.00 | 71.00 | 79.00 | NOTE |
Version: 1.1.1
Check: installed package size
Result: NOTE
installed size is 18.0Mb
sub-directories of 1Mb or more:
data 17.9Mb
Flavors: r-devel-linux-x86_64-fedora-clang, r-devel-windows-x86_64, r-release-macos-arm64, r-release-macos-x86_64, r-release-windows-x86_64, r-oldrel-macos-arm64, r-oldrel-macos-x86_64, r-oldrel-windows-x86_64