Last updated on 2024-06-10 09:49:02 CEST.
Flavor | Version | Tinstall | Tcheck | Ttotal | Status | Flags |
---|---|---|---|---|---|---|
r-devel-linux-x86_64-debian-clang | 2.0.0 | 2.08 | 31.85 | 33.93 | OK | |
r-devel-linux-x86_64-debian-gcc | 2.0.0 | 1.98 | 24.21 | 26.19 | OK | |
r-devel-linux-x86_64-fedora-clang | 2.0.0 | 42.57 | NOTE | |||
r-devel-linux-x86_64-fedora-gcc | 2.0.0 | 56.69 | NOTE | |||
r-devel-windows-x86_64 | 2.0.0 | 4.00 | 104.00 | 108.00 | OK | |
r-patched-linux-x86_64 | 2.0.0 | 2.21 | 30.45 | 32.66 | OK | |
r-release-linux-x86_64 | 2.0.0 | 2.20 | 30.68 | 32.88 | OK | |
r-release-macos-arm64 | 2.0.0 | 102.00 | OK | |||
r-release-macos-x86_64 | 2.0.0 | 108.00 | OK | |||
r-release-windows-x86_64 | 2.0.0 | 4.00 | 99.00 | 103.00 | OK | |
r-oldrel-macos-arm64 | 2.0.0 | 75.00 | OK | |||
r-oldrel-macos-x86_64 | 2.0.0 | 88.00 | OK | |||
r-oldrel-windows-x86_64 | 2.0.0 | 4.00 | 102.00 | 106.00 | OK |
Version: 2.0.0
Check: dependencies in R code
Result: NOTE
Namespace in Imports field not imported from: ‘R.utils’
All declared Imports should be used.
Flavors: r-devel-linux-x86_64-fedora-clang, r-devel-linux-x86_64-fedora-gcc